{"id":10351,"date":"2020-07-11T03:03:15","date_gmt":"2020-07-11T03:03:15","guid":{"rendered":"http:\/\/timeline-germany.de\/wp-content\/uploads\/2020\/07\/20200710-ONA0002-1-1.jpg"},"modified":"2020-07-11T03:03:15","modified_gmt":"2020-07-11T03:03:15","slug":"20200710-ona0002-1-1","status":"inherit","type":"attachment","link":"https:\/\/timeline-germany.de\/en\/20200710-ona0002-1-1","title":{"rendered":"20200710-ONA0002-1-1"},"author":0,"featured_media":0,"comment_status":"open","ping_status":"closed","template":"","meta":{"colormag_page_container_layout":"default_layout","colormag_page_sidebar_layout":"default_layout"},"class_list":["post-10351","attachment","type-attachment","status-inherit","hentry"],"aioseo_notices":[],"description":{"rendered":"<p class=\"attachment\"><a href='https:\/\/timeline-germany.de\/wp-content\/uploads\/2020\/07\/20200710-ONA0002-1-1.jpg'><img loading=\"lazy\" decoding=\"async\" width=\"300\" height=\"220\" src=\"https:\/\/timeline-germany.de\/wp-content\/uploads\/2020\/07\/20200710-ONA0002-1-1-300x220.jpg\" class=\"attachment-medium size-medium\" alt=\"\" srcset=\"https:\/\/timeline-germany.de\/wp-content\/uploads\/2020\/07\/20200710-ONA0002-1-1-300x220.jpg 300w, https:\/\/timeline-germany.de\/wp-content\/uploads\/2020\/07\/20200710-ONA0002-1-1.jpg 483w\" sizes=\"auto, (max-width: 300px) 100vw, 300px\" \/><\/a><\/p>\n"},"caption":{"rendered":""},"alt_text":"","media_type":"image","mime_type":"image\/jpeg","media_details":{"width":483,"height":355,"file":"2020\/07\/20200710-ONA0002-1-1.jpg","sizes":{"thumbnail":{"file":"20200710-ONA0002-1-1-150x150.jpg","width":150,"height":150,"mime_type":"image\/jpeg","source_url":"https:\/\/timeline-germany.de\/wp-content\/uploads\/2020\/07\/20200710-ONA0002-1-1-150x150.jpg"},"medium":{"file":"20200710-ONA0002-1-1-300x220.jpg","width":300,"height":220,"mime_type":"image\/jpeg","source_url":"https:\/\/timeline-germany.de\/wp-content\/uploads\/2020\/07\/20200710-ONA0002-1-1-300x220.jpg"},"colormag-highlighted-post":{"file":"20200710-ONA0002-1-1-392x272.jpg","width":392,"height":272,"mime_type":"image\/jpeg","source_url":"https:\/\/timeline-germany.de\/wp-content\/uploads\/2020\/07\/20200710-ONA0002-1-1-392x272.jpg"},"colormag-featured-post-medium":{"file":"20200710-ONA0002-1-1-390x205.jpg","width":390,"height":205,"mime_type":"image\/jpeg","source_url":"https:\/\/timeline-germany.de\/wp-content\/uploads\/2020\/07\/20200710-ONA0002-1-1-390x205.jpg"},"colormag-featured-post-small":{"file":"20200710-ONA0002-1-1-130x90.jpg","width":130,"height":90,"mime_type":"image\/jpeg","source_url":"https:\/\/timeline-germany.de\/wp-content\/uploads\/2020\/07\/20200710-ONA0002-1-1-130x90.jpg"},"full":{"file":"20200710-ONA0002-1-1.jpg","width":483,"height":355,"mime_type":"image\/jpeg","source_url":"https:\/\/timeline-germany.de\/wp-content\/uploads\/2020\/07\/20200710-ONA0002-1-1.jpg"}},"image_meta":{"aperture":"0","credit":"Robert Parigger","camera":"","caption":"BILD zu OTS - MCI wird Teil der neu gegr\ufffdndeten Europ\ufffdischen Universit\ufffdt 'UlyssEUs'.","created_timestamp":"0","copyright":"","focal_length":"0","iso":"0","shutter_speed":"0","title":"EU finanziert die Gr\u00fcndung von 24 Europ\u00e4ischen Universit\u00e4ten","orientation":"0","keywords":["Bildung","Hochschulwesen","EU","Universit\u00e4t"]}},"post":null,"source_url":"https:\/\/timeline-germany.de\/wp-content\/uploads\/2020\/07\/20200710-ONA0002-1-1.jpg","_links":{"self":[{"href":"https:\/\/timeline-germany.de\/en\/wp-json\/wp\/v2\/media\/10351","targetHints":{"allow":["GET"]}}],"collection":[{"href":"https:\/\/timeline-germany.de\/en\/wp-json\/wp\/v2\/media"}],"about":[{"href":"https:\/\/timeline-germany.de\/en\/wp-json\/wp\/v2\/types\/attachment"}],"replies":[{"embeddable":true,"href":"https:\/\/timeline-germany.de\/en\/wp-json\/wp\/v2\/comments?post=10351"}]}}

EU finanziert die Gründung von 24 Europäischen Universitäten

Universität
