{"id":4366,"date":"2019-08-21T03:03:21","date_gmt":"2019-08-21T03:03:21","guid":{"rendered":"http:\/\/timeline-germany.de\/wp-content\/uploads\/2019\/08\/Suesskartoffel_mit_Kurkuma02.jpg"},"modified":"2019-08-21T03:03:21","modified_gmt":"2019-08-21T03:03:21","slug":"suesskartoffel_mit_kurkuma02","status":"inherit","type":"attachment","link":"https:\/\/timeline-germany.de\/en\/suesskartoffel_mit_kurkuma02","title":{"rendered":"Suesskartoffel_mit_Kurkuma02"},"author":0,"featured_media":0,"comment_status":"open","ping_status":"closed","template":"","meta":{"colormag_page_container_layout":"default_layout","colormag_page_sidebar_layout":"default_layout"},"class_list":["post-4366","attachment","type-attachment","status-inherit","hentry"],"aioseo_notices":[],"description":{"rendered":"<p class=\"attachment\"><a href='https:\/\/timeline-germany.de\/wp-content\/uploads\/2019\/08\/Suesskartoffel_mit_Kurkuma02.jpg'><img loading=\"lazy\" decoding=\"async\" width=\"300\" height=\"200\" src=\"https:\/\/timeline-germany.de\/wp-content\/uploads\/2019\/08\/Suesskartoffel_mit_Kurkuma02-300x200.jpg\" class=\"attachment-medium size-medium\" alt=\"\" srcset=\"https:\/\/timeline-germany.de\/wp-content\/uploads\/2019\/08\/Suesskartoffel_mit_Kurkuma02-300x200.jpg 300w, https:\/\/timeline-germany.de\/wp-content\/uploads\/2019\/08\/Suesskartoffel_mit_Kurkuma02.jpg 532w\" sizes=\"auto, (max-width: 300px) 100vw, 300px\" \/><\/a><\/p>\n"},"caption":{"rendered":""},"alt_text":"","media_type":"image","mime_type":"image\/jpeg","media_details":{"width":532,"height":355,"file":"2019\/08\/Suesskartoffel_mit_Kurkuma02.jpg","sizes":{"thumbnail":{"file":"Suesskartoffel_mit_Kurkuma02-150x150.jpg","width":150,"height":150,"mime_type":"image\/jpeg","source_url":"https:\/\/timeline-germany.de\/wp-content\/uploads\/2019\/08\/Suesskartoffel_mit_Kurkuma02-150x150.jpg"},"medium":{"file":"Suesskartoffel_mit_Kurkuma02-300x200.jpg","width":300,"height":200,"mime_type":"image\/jpeg","source_url":"https:\/\/timeline-germany.de\/wp-content\/uploads\/2019\/08\/Suesskartoffel_mit_Kurkuma02-300x200.jpg"},"colormag-highlighted-post":{"file":"Suesskartoffel_mit_Kurkuma02-392x272.jpg","width":392,"height":272,"mime_type":"image\/jpeg","source_url":"https:\/\/timeline-germany.de\/wp-content\/uploads\/2019\/08\/Suesskartoffel_mit_Kurkuma02-392x272.jpg"},"colormag-featured-post-medium":{"file":"Suesskartoffel_mit_Kurkuma02-390x205.jpg","width":390,"height":205,"mime_type":"image\/jpeg","source_url":"https:\/\/timeline-germany.de\/wp-content\/uploads\/2019\/08\/Suesskartoffel_mit_Kurkuma02-390x205.jpg"},"colormag-featured-post-small":{"file":"Suesskartoffel_mit_Kurkuma02-130x90.jpg","width":130,"height":90,"mime_type":"image\/jpeg","source_url":"https:\/\/timeline-germany.de\/wp-content\/uploads\/2019\/08\/Suesskartoffel_mit_Kurkuma02-130x90.jpg"},"full":{"file":"Suesskartoffel_mit_Kurkuma02.jpg","width":532,"height":355,"mime_type":"image\/jpeg","source_url":"https:\/\/timeline-germany.de\/wp-content\/uploads\/2019\/08\/Suesskartoffel_mit_Kurkuma02.jpg"}},"image_meta":{"aperture":"0","credit":"Deutsches Institut f\u00fcr Sportern\u00e4hrung e. V.","camera":"","caption":"S\u00fc\u00dfkartoffelriegel mit Kurkuma. Vegane und laktosefreie Riegel f\u00fcr den Flow beim Sport oder anderen anstrengenden Aktivit\u00e4ten. Weiterer Text \u00fcber ots und www.presseportal.de\/nr\/121437 \/ Die Verwendung dieses Bildes ist f\u00fcr redaktionelle Zwecke honorarfrei. Ver\u00f6ffentlichung bitte unter Quellenangabe: \"obs\/Deutsches Institut f\u00fcr Sportern\u00e4hrung e. V.\/Hanna Bien\"","created_timestamp":"0","copyright":"","focal_length":"0","iso":"0","shutter_speed":"0","title":"Flowfood - einfach gesund gut drauf sein","orientation":"0","keywords":["Gesundheit","Ern\u00e4hrung","Flowfood","Sport"]}},"post":null,"source_url":"https:\/\/timeline-germany.de\/wp-content\/uploads\/2019\/08\/Suesskartoffel_mit_Kurkuma02.jpg","_links":{"self":[{"href":"https:\/\/timeline-germany.de\/en\/wp-json\/wp\/v2\/media\/4366","targetHints":{"allow":["GET"]}}],"collection":[{"href":"https:\/\/timeline-germany.de\/en\/wp-json\/wp\/v2\/media"}],"about":[{"href":"https:\/\/timeline-germany.de\/en\/wp-json\/wp\/v2\/types\/attachment"}],"replies":[{"embeddable":true,"href":"https:\/\/timeline-germany.de\/en\/wp-json\/wp\/v2\/comments?post=4366"}]}}

Deutsches Institut für Sporternährung e. V.

Süßkartoffelriegel mit Kurkuma. Vegane und laktosefreie Riegel für den Flow beim Sport oder anderen anstrengenden Aktivitäten. Weiterer Text über ots und www.presseportal.de/nr/121437 / Die Verwendung dieses Bildes ist für redaktionelle Zwecke honorarfrei. Veröffentlichung bitte unter Quellenangabe: "obs/Deutsches Institut für Sporternährung e. V./Hanna Bien"

Ernährung
