{"id":4407,"date":"2019-08-23T03:00:22","date_gmt":"2019-08-23T03:00:22","guid":{"rendered":"http:\/\/timeline-germany.de\/wp-content\/uploads\/2019\/08\/skoda-ist-erneut-engagierter-partner-des-radsport-highlights-deutschland-tour.jpg"},"modified":"2019-08-23T03:00:22","modified_gmt":"2019-08-23T03:00:22","slug":"skoda-ist-erneut-engagierter-partner-des-radsport-highlights-deutschland-tour","status":"inherit","type":"attachment","link":"https:\/\/timeline-germany.de\/en\/skoda-ist-erneut-engagierter-partner-des-radsport-highlights-deutschland-tour","title":{"rendered":"skoda-ist-erneut-engagierter-partner-des-radsport-highlights-deutschland-tour"},"author":0,"featured_media":0,"comment_status":"open","ping_status":"closed","template":"","meta":{"colormag_page_container_layout":"default_layout","colormag_page_sidebar_layout":"default_layout"},"class_list":["post-4407","attachment","type-attachment","status-inherit","hentry"],"aioseo_notices":[],"description":{"rendered":"<p class=\"attachment\"><a href='https:\/\/timeline-germany.de\/wp-content\/uploads\/2019\/08\/skoda-ist-erneut-engagierter-partner-des-radsport-highlights-deutschland-tour.jpg'><img loading=\"lazy\" decoding=\"async\" width=\"300\" height=\"220\" src=\"https:\/\/timeline-germany.de\/wp-content\/uploads\/2019\/08\/skoda-ist-erneut-engagierter-partner-des-radsport-highlights-deutschland-tour-300x220.jpg\" class=\"attachment-medium size-medium\" alt=\"\" srcset=\"https:\/\/timeline-germany.de\/wp-content\/uploads\/2019\/08\/skoda-ist-erneut-engagierter-partner-des-radsport-highlights-deutschland-tour-300x220.jpg 300w, https:\/\/timeline-germany.de\/wp-content\/uploads\/2019\/08\/skoda-ist-erneut-engagierter-partner-des-radsport-highlights-deutschland-tour.jpg 630w\" sizes=\"auto, (max-width: 300px) 100vw, 300px\" \/><\/a><\/p>\n"},"caption":{"rendered":""},"alt_text":"","media_type":"image","mime_type":"image\/jpeg","media_details":{"width":630,"height":461,"file":"2019\/08\/skoda-ist-erneut-engagierter-partner-des-radsport-highlights-deutschland-tour.jpg","sizes":{"thumbnail":{"file":"skoda-ist-erneut-engagierter-partner-des-radsport-highlights-deutschland-tour-150x150.jpg","width":150,"height":150,"mime_type":"image\/jpeg","source_url":"https:\/\/timeline-germany.de\/wp-content\/uploads\/2019\/08\/skoda-ist-erneut-engagierter-partner-des-radsport-highlights-deutschland-tour-150x150.jpg"},"medium":{"file":"skoda-ist-erneut-engagierter-partner-des-radsport-highlights-deutschland-tour-300x220.jpg","width":300,"height":220,"mime_type":"image\/jpeg","source_url":"https:\/\/timeline-germany.de\/wp-content\/uploads\/2019\/08\/skoda-ist-erneut-engagierter-partner-des-radsport-highlights-deutschland-tour-300x220.jpg"},"colormag-highlighted-post":{"file":"skoda-ist-erneut-engagierter-partner-des-radsport-highlights-deutschland-tour-392x272.jpg","width":392,"height":272,"mime_type":"image\/jpeg","source_url":"https:\/\/timeline-germany.de\/wp-content\/uploads\/2019\/08\/skoda-ist-erneut-engagierter-partner-des-radsport-highlights-deutschland-tour-392x272.jpg"},"colormag-featured-post-medium":{"file":"skoda-ist-erneut-engagierter-partner-des-radsport-highlights-deutschland-tour-390x205.jpg","width":390,"height":205,"mime_type":"image\/jpeg","source_url":"https:\/\/timeline-germany.de\/wp-content\/uploads\/2019\/08\/skoda-ist-erneut-engagierter-partner-des-radsport-highlights-deutschland-tour-390x205.jpg"},"colormag-featured-post-small":{"file":"skoda-ist-erneut-engagierter-partner-des-radsport-highlights-deutschland-tour-130x90.jpg","width":130,"height":90,"mime_type":"image\/jpeg","source_url":"https:\/\/timeline-germany.de\/wp-content\/uploads\/2019\/08\/skoda-ist-erneut-engagierter-partner-des-radsport-highlights-deutschland-tour-130x90.jpg"},"colormag-featured-image":{"file":"skoda-ist-erneut-engagierter-partner-des-radsport-highlights-deutschland-tour-630x445.jpg","width":630,"height":445,"mime_type":"image\/jpeg","source_url":"https:\/\/timeline-germany.de\/wp-content\/uploads\/2019\/08\/skoda-ist-erneut-engagierter-partner-des-radsport-highlights-deutschland-tour-630x445.jpg"},"full":{"file":"skoda-ist-erneut-engagierter-partner-des-radsport-highlights-deutschland-tour.jpg","width":630,"height":461,"mime_type":"image\/jpeg","source_url":"https:\/\/timeline-germany.de\/wp-content\/uploads\/2019\/08\/skoda-ist-erneut-engagierter-partner-des-radsport-highlights-deutschland-tour.jpg"}},"image_meta":{"aperture":"0","credit":"Skoda Auto Deutschland GmbH","camera":"","caption":"SKODA AUTO Deutschland unterst\u00fctzt die Deutschland Tour als Hauptsponsor und mobilisiert die einzige deutsche Etappenrundfahrt f\u00fcr Profis mit 45 Begleit- und Organisationsfahrzeugen. Weiterer Text \u00fcber ots und www.presseportal.de\/nr\/28249 \/ Die Verwendung dieses Bildes ist f\u00fcr redaktionelle Zwecke honorarfrei. Ver\u00f6ffentlichung bitte unter Quellenangabe: \"obs\/Skoda Auto Deutschland GmbH\"","created_timestamp":"0","copyright":"","focal_length":"0","iso":"0","shutter_speed":"0","title":"SKODA ist erneut engagierter Partner des Radsport-Highlights","orientation":"0","keywords":["Radsport","Kooperation","Sponsoring","Auto","Marketing","Fahrzeugpartner"]}},"post":null,"source_url":"https:\/\/timeline-germany.de\/wp-content\/uploads\/2019\/08\/skoda-ist-erneut-engagierter-partner-des-radsport-highlights-deutschland-tour.jpg","_links":{"self":[{"href":"https:\/\/timeline-germany.de\/en\/wp-json\/wp\/v2\/media\/4407","targetHints":{"allow":["GET"]}}],"collection":[{"href":"https:\/\/timeline-germany.de\/en\/wp-json\/wp\/v2\/media"}],"about":[{"href":"https:\/\/timeline-germany.de\/en\/wp-json\/wp\/v2\/types\/attachment"}],"replies":[{"embeddable":true,"href":"https:\/\/timeline-germany.de\/en\/wp-json\/wp\/v2\/comments?post=4407"}]}}

SKODA AUTO Deutschland unterstützt die Deutschland Tour als Hauptsponsor und mobilisiert die einzige deutsche Etappenrundfahrt für Profis mit 45 Begleit- und Organisationsfahrzeugen. Weiterer Text über ots und www.presseportal.de/nr/28249 / Die Verwendung dieses Bildes ist für redaktionelle Zwecke honorarfrei. Veröffentlichung bitte unter Quellenangabe: "obs/Skoda Auto Deutschland GmbH"
