{"id":4426,"date":"2019-08-24T03:02:53","date_gmt":"2019-08-24T03:02:53","guid":{"rendered":"http:\/\/timeline-germany.de\/wp-content\/uploads\/2019\/08\/1_Podcast_Klimazentrale.jpg"},"modified":"2019-08-24T03:02:53","modified_gmt":"2019-08-24T03:02:53","slug":"1_podcast_klimazentrale","status":"inherit","type":"attachment","link":"https:\/\/timeline-germany.de\/en\/1_podcast_klimazentrale","title":{"rendered":"1_Podcast_Klimazentrale"},"author":0,"featured_media":0,"comment_status":"open","ping_status":"closed","template":"","meta":{"colormag_page_container_layout":"default_layout","colormag_page_sidebar_layout":"default_layout"},"class_list":["post-4426","attachment","type-attachment","status-inherit","hentry"],"aioseo_notices":[],"description":{"rendered":"<p class=\"attachment\"><a href='https:\/\/timeline-germany.de\/wp-content\/uploads\/2019\/08\/1_Podcast_Klimazentrale.jpg'><img loading=\"lazy\" decoding=\"async\" width=\"300\" height=\"198\" src=\"https:\/\/timeline-germany.de\/wp-content\/uploads\/2019\/08\/1_Podcast_Klimazentrale-300x198.jpg\" class=\"attachment-medium size-medium\" alt=\"\" srcset=\"https:\/\/timeline-germany.de\/wp-content\/uploads\/2019\/08\/1_Podcast_Klimazentrale-300x198.jpg 300w, https:\/\/timeline-germany.de\/wp-content\/uploads\/2019\/08\/1_Podcast_Klimazentrale.jpg 538w\" sizes=\"auto, (max-width: 300px) 100vw, 300px\" \/><\/a><\/p>\n"},"caption":{"rendered":""},"alt_text":"","media_type":"image","mime_type":"image\/jpeg","media_details":{"width":538,"height":355,"file":"2019\/08\/1_Podcast_Klimazentrale.jpg","sizes":{"thumbnail":{"file":"1_Podcast_Klimazentrale-150x150.jpg","width":150,"height":150,"mime_type":"image\/jpeg","source_url":"https:\/\/timeline-germany.de\/wp-content\/uploads\/2019\/08\/1_Podcast_Klimazentrale-150x150.jpg"},"medium":{"file":"1_Podcast_Klimazentrale-300x198.jpg","width":300,"height":198,"mime_type":"image\/jpeg","source_url":"https:\/\/timeline-germany.de\/wp-content\/uploads\/2019\/08\/1_Podcast_Klimazentrale-300x198.jpg"},"colormag-highlighted-post":{"file":"1_Podcast_Klimazentrale-392x272.jpg","width":392,"height":272,"mime_type":"image\/jpeg","source_url":"https:\/\/timeline-germany.de\/wp-content\/uploads\/2019\/08\/1_Podcast_Klimazentrale-392x272.jpg"},"colormag-featured-post-medium":{"file":"1_Podcast_Klimazentrale-390x205.jpg","width":390,"height":205,"mime_type":"image\/jpeg","source_url":"https:\/\/timeline-germany.de\/wp-content\/uploads\/2019\/08\/1_Podcast_Klimazentrale-390x205.jpg"},"colormag-featured-post-small":{"file":"1_Podcast_Klimazentrale-130x90.jpg","width":130,"height":90,"mime_type":"image\/jpeg","source_url":"https:\/\/timeline-germany.de\/wp-content\/uploads\/2019\/08\/1_Podcast_Klimazentrale-130x90.jpg"},"full":{"file":"1_Podcast_Klimazentrale.jpg","width":538,"height":355,"mime_type":"image\/jpeg","source_url":"https:\/\/timeline-germany.de\/wp-content\/uploads\/2019\/08\/1_Podcast_Klimazentrale.jpg"}},"image_meta":{"aperture":"0","credit":"SWR\/Kristina Sch\u00e4fer","camera":"","caption":"Jeden Freitag neu in der Smartphone-App ARD Audiothek.\nIm Informationsradio SWR Aktuell: Samstag, 11:30 und 22:03 Uhr, sowie Sonntag, 20:15 Uhr. \nOnline zum Nachh\u00f6ren: www.swr.de\/swraktuell\/radio\/klimazentrale\/Klimazentrale,klimazentrale-100.html\nin der ARD-Audiothek: https:\/\/www.ardaudiothek.de\/klimazentrale\/64922226\nbei iTunes: https:\/\/itunes.apple.com\/us\/podcast\/id1476546313\nbei Spotify: https:\/\/open.spotify.com\/show\/70d3RBEgYef0Q1wlQbtTSi?si=FeMg_3pRR32e-TdnpRooCw\nWerner Eckert (li.) und Tobias Koch im \"Haus am Tor\" beim SWR in Mainz.\n\n\u00a9 SWR\/Kristina Sch\u00e4fer, honorarfrei - Verwendung gem\u00e4\u00df der AGB im Rahmen einer engen, unternehmensbezogenen Berichterstattung im SWR-Zusammenhang bei Nennung \"Bild: SWR\/Kristina Sch\u00e4fer\" (S2), SWR Presse\/Bildkommunikation, Baden-Baden, Tel: 07221\/929-22287, foto@swr.de Weiterer Text \u00fcber ots und www.presseportal.de\/nr\/7169 \/ Die Verwendung dieses Bildes ist f\u00fcr redaktionelle Zwecke honorarfrei. Ver\u00f6ffentlichung bitte unter Quellenangabe: \"obs\/SWR - S\u00fcdwestrundfunk\/Kristina Sch\u00e4fer\"","created_timestamp":"0","copyright":"","focal_length":"0","iso":"0","shutter_speed":"0","title":"Podcast des SWR \"Klimazentrale\" zu Umwelt- und Klimafragen","orientation":"0","keywords":["obs"]}},"post":null,"source_url":"https:\/\/timeline-germany.de\/wp-content\/uploads\/2019\/08\/1_Podcast_Klimazentrale.jpg","_links":{"self":[{"href":"https:\/\/timeline-germany.de\/en\/wp-json\/wp\/v2\/media\/4426","targetHints":{"allow":["GET"]}}],"collection":[{"href":"https:\/\/timeline-germany.de\/en\/wp-json\/wp\/v2\/media"}],"about":[{"href":"https:\/\/timeline-germany.de\/en\/wp-json\/wp\/v2\/types\/attachment"}],"replies":[{"embeddable":true,"href":"https:\/\/timeline-germany.de\/en\/wp-json\/wp\/v2\/comments?post=4426"}]}}

SWR/Kristina Schäfer

Jeden Freitag neu in der Smartphone-App ARD Audiothek.
Im Informationsradio SWR Aktuell: Samstag, 11:30 und 22:03 Uhr, sowie Sonntag, 20:15 Uhr. 
Online zum Nachhören: www.swr.de/swraktuell/radio/klimazentrale/Klimazentrale,klimazentrale-100.html
in der ARD-Audiothek: https://www.ardaudiothek.de/klimazentrale/64922226
bei iTunes: https://itunes.apple.com/us/podcast/id1476546313
bei Spotify: https://open.spotify.com/show/70d3RBEgYef0Q1wlQbtTSi?si=FeMg_3pRR32e-TdnpRooCw
Werner Eckert (li.) und Tobias Koch im "Haus am Tor" beim SWR in Mainz.

© SWR/Kristina Schäfer, honorarfrei - Verwendung gemäß der AGB im Rahmen einer engen, unternehmensbezogenen Berichterstattung im SWR-Zusammenhang bei Nennung "Bild: SWR/Kristina Schäfer" (S2), SWR Presse/Bildkommunikation, Baden-Baden, Tel: 07221/929-22287, foto@swr.de Weiterer Text über ots und www.presseportal.de/nr/7169 / Die Verwendung dieses Bildes ist für redaktionelle Zwecke honorarfrei. Veröffentlichung bitte unter Quellenangabe: "obs/SWR - Südwestrundfunk/Kristina Schäfer"
