{"id":6214,"date":"2019-11-10T03:03:36","date_gmt":"2019-11-10T03:03:36","guid":{"rendered":"http:\/\/timeline-germany.de\/wp-content\/uploads\/2019\/11\/FallingWallsConference2019_FaithOsier.jpg"},"modified":"2019-11-10T03:03:36","modified_gmt":"2019-11-10T03:03:36","slug":"fallingwallsconference2019_faithosier","status":"inherit","type":"attachment","link":"https:\/\/timeline-germany.de\/en\/fallingwallsconference2019_faithosier","title":{"rendered":"FallingWallsConference2019_FaithOsier"},"author":0,"featured_media":0,"comment_status":"open","ping_status":"closed","template":"","meta":{"colormag_page_container_layout":"default_layout","colormag_page_sidebar_layout":"default_layout"},"class_list":["post-6214","attachment","type-attachment","status-inherit","hentry"],"aioseo_notices":[],"description":{"rendered":"<p class=\"attachment\"><a href='https:\/\/timeline-germany.de\/wp-content\/uploads\/2019\/11\/FallingWallsConference2019_FaithOsier.jpg'><img loading=\"lazy\" decoding=\"async\" width=\"300\" height=\"200\" src=\"https:\/\/timeline-germany.de\/wp-content\/uploads\/2019\/11\/FallingWallsConference2019_FaithOsier-300x200.jpg\" class=\"attachment-medium size-medium\" alt=\"\" srcset=\"https:\/\/timeline-germany.de\/wp-content\/uploads\/2019\/11\/FallingWallsConference2019_FaithOsier-300x200.jpg 300w, https:\/\/timeline-germany.de\/wp-content\/uploads\/2019\/11\/FallingWallsConference2019_FaithOsier.jpg 532w\" sizes=\"auto, (max-width: 300px) 100vw, 300px\" \/><\/a><\/p>\n"},"caption":{"rendered":""},"alt_text":"","media_type":"image","mime_type":"image\/jpeg","media_details":{"width":532,"height":355,"file":"2019\/11\/FallingWallsConference2019_FaithOsier.jpg","sizes":{"thumbnail":{"file":"FallingWallsConference2019_FaithOsier-150x150.jpg","width":150,"height":150,"mime_type":"image\/jpeg","source_url":"https:\/\/timeline-germany.de\/wp-content\/uploads\/2019\/11\/FallingWallsConference2019_FaithOsier-150x150.jpg"},"medium":{"file":"FallingWallsConference2019_FaithOsier-300x200.jpg","width":300,"height":200,"mime_type":"image\/jpeg","source_url":"https:\/\/timeline-germany.de\/wp-content\/uploads\/2019\/11\/FallingWallsConference2019_FaithOsier-300x200.jpg"},"colormag-highlighted-post":{"file":"FallingWallsConference2019_FaithOsier-392x272.jpg","width":392,"height":272,"mime_type":"image\/jpeg","source_url":"https:\/\/timeline-germany.de\/wp-content\/uploads\/2019\/11\/FallingWallsConference2019_FaithOsier-392x272.jpg"},"colormag-featured-post-medium":{"file":"FallingWallsConference2019_FaithOsier-390x205.jpg","width":390,"height":205,"mime_type":"image\/jpeg","source_url":"https:\/\/timeline-germany.de\/wp-content\/uploads\/2019\/11\/FallingWallsConference2019_FaithOsier-390x205.jpg"},"colormag-featured-post-small":{"file":"FallingWallsConference2019_FaithOsier-130x90.jpg","width":130,"height":90,"mime_type":"image\/jpeg","source_url":"https:\/\/timeline-germany.de\/wp-content\/uploads\/2019\/11\/FallingWallsConference2019_FaithOsier-130x90.jpg"},"full":{"file":"FallingWallsConference2019_FaithOsier.jpg","width":532,"height":355,"mime_type":"image\/jpeg","source_url":"https:\/\/timeline-germany.de\/wp-content\/uploads\/2019\/11\/FallingWallsConference2019_FaithOsier.jpg"}},"image_meta":{"aperture":"0","credit":"Falling Walls Foundation","camera":"","caption":"Die Falling Walls Conference pr\u00e4sentiert anl\u00e4sslich des 30-j\u00e4hrigen Mauerfalls grenz\u00fcberschreitende wissenschaftliche Durchbr\u00fcche \/ Falling Walls Conference 2019\/\/ Faith Osier. Berlin, 09.11.2019. Copyright: Florian Gaertner\/ photothek.net \/ Weiterer Text \u00fcber ots und www.presseportal.de\/nr\/138342 \/ Die Verwendung dieses Bildes ist f\u00fcr redaktionelle Zwecke honorarfrei. Ver\u00f6ffentlichung bitte unter Quellenangabe: \"obs\/Falling Walls Foundation\/Florian Gaertner\/photothek.net\"","created_timestamp":"0","copyright":"Florian Gaertner\/photothek.net","focal_length":"0","iso":"0","shutter_speed":"0","title":"Falling Walls Conference","orientation":"0","keywords":["Wissenschaft","Forschung","Gesellschaft","Veranstaltung","Konferenz","Mauerfall","Klimaschutz","Umwelt","Lebensmittel","Gesundheit","Medizin","Bildung"]}},"post":null,"source_url":"https:\/\/timeline-germany.de\/wp-content\/uploads\/2019\/11\/FallingWallsConference2019_FaithOsier.jpg","_links":{"self":[{"href":"https:\/\/timeline-germany.de\/en\/wp-json\/wp\/v2\/media\/6214","targetHints":{"allow":["GET"]}}],"collection":[{"href":"https:\/\/timeline-germany.de\/en\/wp-json\/wp\/v2\/media"}],"about":[{"href":"https:\/\/timeline-germany.de\/en\/wp-json\/wp\/v2\/types\/attachment"}],"replies":[{"embeddable":true,"href":"https:\/\/timeline-germany.de\/en\/wp-json\/wp\/v2\/comments?post=6214"}]}}

Die Falling Walls Conference präsentiert anlässlich des 30-jährigen Mauerfalls grenzüberschreitende wissenschaftliche Durchbrüche / Falling Walls Conference 2019// Faith Osier. Berlin, 09.11.2019. Copyright: Florian Gaertner/ photothek.net / Weiterer Text über ots und www.presseportal.de/nr/138342 / Die Verwendung dieses Bildes ist für redaktionelle Zwecke honorarfrei. Veröffentlichung bitte unter Quellenangabe: "obs/Falling Walls Foundation/Florian Gaertner/photothek.net"
