{"id":8162,"date":"2020-01-27T03:02:49","date_gmt":"2020-01-27T03:02:49","guid":{"rendered":"http:\/\/timeline-germany.de\/wp-content\/uploads\/2020\/01\/ford-fiesta-wrc-faehrt-bei-der-wm-rallye-monte-carlo-auf-rang-vier.jpg"},"modified":"2020-01-27T03:02:49","modified_gmt":"2020-01-27T03:02:49","slug":"ford-fiesta-wrc-faehrt-bei-der-wm-rallye-monte-carlo-auf-rang-vier","status":"inherit","type":"attachment","link":"https:\/\/timeline-germany.de\/en\/ford-fiesta-wrc-faehrt-bei-der-wm-rallye-monte-carlo-auf-rang-vier","title":{"rendered":"ford-fiesta-wrc-faehrt-bei-der-wm-rallye-monte-carlo-auf-rang-vier"},"author":0,"featured_media":0,"comment_status":"open","ping_status":"closed","template":"","meta":{"colormag_page_container_layout":"default_layout","colormag_page_sidebar_layout":"default_layout"},"class_list":["post-8162","attachment","type-attachment","status-inherit","hentry"],"aioseo_notices":[],"description":{"rendered":"<p class=\"attachment\"><a href='https:\/\/timeline-germany.de\/wp-content\/uploads\/2020\/01\/ford-fiesta-wrc-faehrt-bei-der-wm-rallye-monte-carlo-auf-rang-vier.jpg'><img loading=\"lazy\" decoding=\"async\" width=\"300\" height=\"200\" src=\"https:\/\/timeline-germany.de\/wp-content\/uploads\/2020\/01\/ford-fiesta-wrc-faehrt-bei-der-wm-rallye-monte-carlo-auf-rang-vier-300x200.jpg\" class=\"attachment-medium size-medium\" alt=\"\" srcset=\"https:\/\/timeline-germany.de\/wp-content\/uploads\/2020\/01\/ford-fiesta-wrc-faehrt-bei-der-wm-rallye-monte-carlo-auf-rang-vier-300x200.jpg 300w, https:\/\/timeline-germany.de\/wp-content\/uploads\/2020\/01\/ford-fiesta-wrc-faehrt-bei-der-wm-rallye-monte-carlo-auf-rang-vier.jpg 630w\" sizes=\"auto, (max-width: 300px) 100vw, 300px\" \/><\/a><\/p>\n"},"caption":{"rendered":""},"alt_text":"","media_type":"image","mime_type":"image\/jpeg","media_details":{"width":630,"height":419,"file":"2020\/01\/ford-fiesta-wrc-faehrt-bei-der-wm-rallye-monte-carlo-auf-rang-vier.jpg","sizes":{"thumbnail":{"file":"ford-fiesta-wrc-faehrt-bei-der-wm-rallye-monte-carlo-auf-rang-vier-150x150.jpg","width":150,"height":150,"mime_type":"image\/jpeg","source_url":"https:\/\/timeline-germany.de\/wp-content\/uploads\/2020\/01\/ford-fiesta-wrc-faehrt-bei-der-wm-rallye-monte-carlo-auf-rang-vier-150x150.jpg"},"medium":{"file":"ford-fiesta-wrc-faehrt-bei-der-wm-rallye-monte-carlo-auf-rang-vier-300x200.jpg","width":300,"height":200,"mime_type":"image\/jpeg","source_url":"https:\/\/timeline-germany.de\/wp-content\/uploads\/2020\/01\/ford-fiesta-wrc-faehrt-bei-der-wm-rallye-monte-carlo-auf-rang-vier-300x200.jpg"},"colormag-highlighted-post":{"file":"ford-fiesta-wrc-faehrt-bei-der-wm-rallye-monte-carlo-auf-rang-vier-392x272.jpg","width":392,"height":272,"mime_type":"image\/jpeg","source_url":"https:\/\/timeline-germany.de\/wp-content\/uploads\/2020\/01\/ford-fiesta-wrc-faehrt-bei-der-wm-rallye-monte-carlo-auf-rang-vier-392x272.jpg"},"colormag-featured-post-medium":{"file":"ford-fiesta-wrc-faehrt-bei-der-wm-rallye-monte-carlo-auf-rang-vier-390x205.jpg","width":390,"height":205,"mime_type":"image\/jpeg","source_url":"https:\/\/timeline-germany.de\/wp-content\/uploads\/2020\/01\/ford-fiesta-wrc-faehrt-bei-der-wm-rallye-monte-carlo-auf-rang-vier-390x205.jpg"},"colormag-featured-post-small":{"file":"ford-fiesta-wrc-faehrt-bei-der-wm-rallye-monte-carlo-auf-rang-vier-130x90.jpg","width":130,"height":90,"mime_type":"image\/jpeg","source_url":"https:\/\/timeline-germany.de\/wp-content\/uploads\/2020\/01\/ford-fiesta-wrc-faehrt-bei-der-wm-rallye-monte-carlo-auf-rang-vier-130x90.jpg"},"full":{"file":"ford-fiesta-wrc-faehrt-bei-der-wm-rallye-monte-carlo-auf-rang-vier.jpg","width":630,"height":419,"mime_type":"image\/jpeg","source_url":"https:\/\/timeline-germany.de\/wp-content\/uploads\/2020\/01\/ford-fiesta-wrc-faehrt-bei-der-wm-rallye-monte-carlo-auf-rang-vier.jpg"}},"image_meta":{"aperture":"0","credit":"M-Sport Ford","camera":"","caption":"Ford Fiesta WRC f\u00e4hrt bei der WM-Rallye Monte-Carlo auf Rang vier: Esapekka Lappi\/Janne Ferm k\u00e4mpfen sich bei ihrer Premiere am Steuer des Ford Fiesta WRC an Rekordweltmeister S\u00e9bastien Loeb vorbei. Weiterer Text \u00fcber ots und www.presseportal.de\/nr\/6955 \/ Die Verwendung dieses Bildes ist f\u00fcr redaktionelle Zwecke honorarfrei. Ver\u00f6ffentlichung bitte unter Quellenangabe: \"obs\/Ford-Werke GmbH\"","created_timestamp":"0","copyright":"","focal_length":"0","iso":"0","shutter_speed":"0","title":"WM-Rallye Monte-Carlo","orientation":"0","keywords":["obs"]}},"post":null,"source_url":"https:\/\/timeline-germany.de\/wp-content\/uploads\/2020\/01\/ford-fiesta-wrc-faehrt-bei-der-wm-rallye-monte-carlo-auf-rang-vier.jpg","_links":{"self":[{"href":"https:\/\/timeline-germany.de\/en\/wp-json\/wp\/v2\/media\/8162","targetHints":{"allow":["GET"]}}],"collection":[{"href":"https:\/\/timeline-germany.de\/en\/wp-json\/wp\/v2\/media"}],"about":[{"href":"https:\/\/timeline-germany.de\/en\/wp-json\/wp\/v2\/types\/attachment"}],"replies":[{"embeddable":true,"href":"https:\/\/timeline-germany.de\/en\/wp-json\/wp\/v2\/comments?post=8162"}]}}

Ford Fiesta WRC fährt bei der WM-Rallye Monte-Carlo auf Rang vier: Esapekka Lappi/Janne Ferm kämpfen sich bei ihrer Premiere am Steuer des Ford Fiesta WRC an Rekordweltmeister Sébastien Loeb vorbei. Weiterer Text über ots und www.presseportal.de/nr/6955 / Die Verwendung dieses Bildes ist für redaktionelle Zwecke honorarfrei. Veröffentlichung bitte unter Quellenangabe: "obs/Ford-Werke GmbH"
