{"id":8192,"date":"2020-01-28T03:03:16","date_gmt":"2020-01-28T03:03:16","guid":{"rendered":"http:\/\/timeline-germany.de\/wp-content\/uploads\/2020\/01\/Bild1-medi-medi-bayr7E252028C2A92520Ochsenfoto29.jpg"},"modified":"2020-01-28T03:03:16","modified_gmt":"2020-01-28T03:03:16","slug":"bild1-medi-medi-bayr7e252028c2a92520ochsenfoto29","status":"inherit","type":"attachment","link":"https:\/\/timeline-germany.de\/en\/bild1-medi-medi-bayr7e252028c2a92520ochsenfoto29","title":{"rendered":"Bild1-medi-medi-bayr7E252028C2A92520Ochsenfoto29"},"author":0,"featured_media":0,"comment_status":"open","ping_status":"closed","template":"","meta":{"colormag_page_container_layout":"default_layout","colormag_page_sidebar_layout":"default_layout"},"class_list":["post-8192","attachment","type-attachment","status-inherit","hentry"],"aioseo_notices":[],"description":{"rendered":"<p class=\"attachment\"><a href='https:\/\/timeline-germany.de\/wp-content\/uploads\/2020\/01\/Bild1-medi-medi-bayr7E252028C2A92520Ochsenfoto29.jpg'><img loading=\"lazy\" decoding=\"async\" width=\"300\" height=\"200\" src=\"https:\/\/timeline-germany.de\/wp-content\/uploads\/2020\/01\/Bild1-medi-medi-bayr7E252028C2A92520Ochsenfoto29-300x200.jpg\" class=\"attachment-medium size-medium\" alt=\"\" srcset=\"https:\/\/timeline-germany.de\/wp-content\/uploads\/2020\/01\/Bild1-medi-medi-bayr7E252028C2A92520Ochsenfoto29-300x200.jpg 300w, https:\/\/timeline-germany.de\/wp-content\/uploads\/2020\/01\/Bild1-medi-medi-bayr7E252028C2A92520Ochsenfoto29.jpg 533w\" sizes=\"auto, (max-width: 300px) 100vw, 300px\" \/><\/a><\/p>\n"},"caption":{"rendered":""},"alt_text":"","media_type":"image","mime_type":"image\/jpeg","media_details":{"width":533,"height":355,"file":"2020\/01\/Bild1-medi-medi-bayr7E252028C2A92520Ochsenfoto29.jpg","sizes":{"thumbnail":{"file":"Bild1-medi-medi-bayr7E252028C2A92520Ochsenfoto29-150x150.jpg","width":150,"height":150,"mime_type":"image\/jpeg","source_url":"https:\/\/timeline-germany.de\/wp-content\/uploads\/2020\/01\/Bild1-medi-medi-bayr7E252028C2A92520Ochsenfoto29-150x150.jpg"},"medium":{"file":"Bild1-medi-medi-bayr7E252028C2A92520Ochsenfoto29-300x200.jpg","width":300,"height":200,"mime_type":"image\/jpeg","source_url":"https:\/\/timeline-germany.de\/wp-content\/uploads\/2020\/01\/Bild1-medi-medi-bayr7E252028C2A92520Ochsenfoto29-300x200.jpg"},"colormag-highlighted-post":{"file":"Bild1-medi-medi-bayr7E252028C2A92520Ochsenfoto29-392x272.jpg","width":392,"height":272,"mime_type":"image\/jpeg","source_url":"https:\/\/timeline-germany.de\/wp-content\/uploads\/2020\/01\/Bild1-medi-medi-bayr7E252028C2A92520Ochsenfoto29-392x272.jpg"},"colormag-featured-post-medium":{"file":"Bild1-medi-medi-bayr7E252028C2A92520Ochsenfoto29-390x205.jpg","width":390,"height":205,"mime_type":"image\/jpeg","source_url":"https:\/\/timeline-germany.de\/wp-content\/uploads\/2020\/01\/Bild1-medi-medi-bayr7E252028C2A92520Ochsenfoto29-390x205.jpg"},"colormag-featured-post-small":{"file":"Bild1-medi-medi-bayr7E252028C2A92520Ochsenfoto29-130x90.jpg","width":130,"height":90,"mime_type":"image\/jpeg","source_url":"https:\/\/timeline-germany.de\/wp-content\/uploads\/2020\/01\/Bild1-medi-medi-bayr7E252028C2A92520Ochsenfoto29-130x90.jpg"},"full":{"file":"Bild1-medi-medi-bayr7E252028C2A92520Ochsenfoto29.jpg","width":533,"height":355,"mime_type":"image\/jpeg","source_url":"https:\/\/timeline-germany.de\/wp-content\/uploads\/2020\/01\/Bild1-medi-medi-bayr7E252028C2A92520Ochsenfoto29.jpg"}},"image_meta":{"aperture":"0","credit":"medi GmbH &amp; Co. KG","camera":"","caption":"Es ist ein Zeichen des Vertrauens und gemeinsamen Blickes in die Zukunft - medi bayreuth und medi verk\u00fcnden bei der Pressekonferenz am 26. Januar 2020 die Verl\u00e4ngerung des Sponsoringvertrags. v.l.n.r.: Dr. Michael Weiherm\u00fcller (medi, erster Vorsitzender der Gesellschafterversammlung), Raoul Korner (Coach medi bayreuth), Bj\u00f6rn Albrecht (Gesch\u00e4ftsf\u00fchrer medi bayreuth), Lukas Meisner (Spieler medi bayreuth), Bastian Doreth (Kapit\u00e4n medi bayreuth), Stefan Weiherm\u00fcller (Gesch\u00e4ftsf\u00fchrer medi) Weiterer Text \u00fcber ots und www.presseportal.de\/nr\/23931 \/ Die Verwendung dieses Bildes ist f\u00fcr redaktionelle Zwecke honorarfrei. Ver\u00f6ffentlichung bitte unter Quellenangabe: \"obs\/medi GmbH &amp; Co. KG\/\u00a9 Ochsenfoto\"","created_timestamp":"0","copyright":"","focal_length":"0","iso":"0","shutter_speed":"0","title":"Basketball: medi verl\u00e4ngert Sponsoringvertrag","orientation":"0","keywords":["Sponsoring","Basketball","medi bayreuth","Unternehmen"]}},"post":null,"source_url":"https:\/\/timeline-germany.de\/wp-content\/uploads\/2020\/01\/Bild1-medi-medi-bayr7E252028C2A92520Ochsenfoto29.jpg","_links":{"self":[{"href":"https:\/\/timeline-germany.de\/en\/wp-json\/wp\/v2\/media\/8192","targetHints":{"allow":["GET"]}}],"collection":[{"href":"https:\/\/timeline-germany.de\/en\/wp-json\/wp\/v2\/media"}],"about":[{"href":"https:\/\/timeline-germany.de\/en\/wp-json\/wp\/v2\/types\/attachment"}],"replies":[{"embeddable":true,"href":"https:\/\/timeline-germany.de\/en\/wp-json\/wp\/v2\/comments?post=8192"}]}}

Es ist ein Zeichen des Vertrauens und gemeinsamen Blickes in die Zukunft - medi bayreuth und medi verkünden bei der Pressekonferenz am 26. Januar 2020 die Verlängerung des Sponsoringvertrags. v.l.n.r.: Dr. Michael Weihermüller (medi, erster Vorsitzender der Gesellschafterversammlung), Raoul Korner (Coach medi bayreuth), Björn Albrecht (Geschäftsführer medi bayreuth), Lukas Meisner (Spieler medi bayreuth), Bastian Doreth (Kapitän medi bayreuth), Stefan Weihermüller (Geschäftsführer medi) Weiterer Text über ots und www.presseportal.de/nr/23931 / Die Verwendung dieses Bildes ist für redaktionelle Zwecke honorarfrei. Veröffentlichung bitte unter Quellenangabe: "obs/medi GmbH &amp; Co. KG/© Ochsenfoto"

Basketball: medi verlängert Sponsoringvertrag
