{"id":9205,"date":"2020-04-10T03:03:10","date_gmt":"2020-04-10T03:03:10","guid":{"rendered":"http:\/\/timeline-germany.de\/wp-content\/uploads\/2020\/04\/HJR_2806_in.jpg"},"modified":"2020-04-10T03:03:10","modified_gmt":"2020-04-10T03:03:10","slug":"hjr_2806_in","status":"inherit","type":"attachment","link":"https:\/\/timeline-germany.de\/en\/hjr_2806_in","title":{"rendered":"HJR_2806_in"},"author":0,"featured_media":0,"comment_status":"open","ping_status":"closed","template":"","meta":{"colormag_page_container_layout":"default_layout","colormag_page_sidebar_layout":"default_layout"},"class_list":["post-9205","attachment","type-attachment","status-inherit","hentry"],"aioseo_notices":[],"description":{"rendered":"<p class=\"attachment\"><a href='https:\/\/timeline-germany.de\/wp-content\/uploads\/2020\/04\/HJR_2806_in.jpg'><img loading=\"lazy\" decoding=\"async\" width=\"300\" height=\"169\" src=\"https:\/\/timeline-germany.de\/wp-content\/uploads\/2020\/04\/HJR_2806_in-300x169.jpg\" class=\"attachment-medium size-medium\" alt=\"\" srcset=\"https:\/\/timeline-germany.de\/wp-content\/uploads\/2020\/04\/HJR_2806_in-300x169.jpg 300w, https:\/\/timeline-germany.de\/wp-content\/uploads\/2020\/04\/HJR_2806_in.jpg 631w\" sizes=\"auto, (max-width: 300px) 100vw, 300px\" \/><\/a><\/p>\n"},"caption":{"rendered":""},"alt_text":"","media_type":"image","mime_type":"image\/jpeg","media_details":{"width":631,"height":355,"file":"2020\/04\/HJR_2806_in.jpg","sizes":{"thumbnail":{"file":"HJR_2806_in-150x150.jpg","width":150,"height":150,"mime_type":"image\/jpeg","source_url":"https:\/\/timeline-germany.de\/wp-content\/uploads\/2020\/04\/HJR_2806_in-150x150.jpg"},"medium":{"file":"HJR_2806_in-300x169.jpg","width":300,"height":169,"mime_type":"image\/jpeg","source_url":"https:\/\/timeline-germany.de\/wp-content\/uploads\/2020\/04\/HJR_2806_in-300x169.jpg"},"colormag-highlighted-post":{"file":"HJR_2806_in-392x272.jpg","width":392,"height":272,"mime_type":"image\/jpeg","source_url":"https:\/\/timeline-germany.de\/wp-content\/uploads\/2020\/04\/HJR_2806_in-392x272.jpg"},"colormag-featured-post-medium":{"file":"HJR_2806_in-390x205.jpg","width":390,"height":205,"mime_type":"image\/jpeg","source_url":"https:\/\/timeline-germany.de\/wp-content\/uploads\/2020\/04\/HJR_2806_in-390x205.jpg"},"colormag-featured-post-small":{"file":"HJR_2806_in-130x90.jpg","width":130,"height":90,"mime_type":"image\/jpeg","source_url":"https:\/\/timeline-germany.de\/wp-content\/uploads\/2020\/04\/HJR_2806_in-130x90.jpg"},"full":{"file":"HJR_2806_in.jpg","width":631,"height":355,"mime_type":"image\/jpeg","source_url":"https:\/\/timeline-germany.de\/wp-content\/uploads\/2020\/04\/HJR_2806_in.jpg"}},"image_meta":{"aperture":"0","credit":"Bundesministerium f\u00fcr Bildung und Forschung","camera":"","caption":"Karliczek: Neue WHO-Studie Solidarity vernetzt weltweite Forschung gegen Corona. Im Rahmen einer Pressekonferenz \u00e4u\u00dfert sich Bundesforschungsministerin Anja Karliczek zum Start der WHO-Studie Solidarity gegen COVID-19 in Deutschland. Zugeschaltet waren Prof. Dr. Susanne Herold vom Universit\u00e4tsklinikum Gie\u00dfen sowie Prof. Dr. Hans Georg Kr\u00e4usslich vom Universit\u00e4tsklinikum Heidelberg. Weiterer Text \u00fcber ots und www.presseportal.de\/nr\/67245 \/ Die Verwendung dieses Bildes ist f\u00fcr redaktionelle Zwecke honorarfrei. Ver\u00f6ffentlichung bitte unter Quellenangabe: \"obs\/Bundesministerium f\u00fcr Bildung und Forschung\/Hans-Joachim Rickel\"","created_timestamp":"0","copyright":"BMBF\/Hans-Joachim Rickel","focal_length":"0","iso":"0","shutter_speed":"0","title":"Karliczek: Neue WHO-Studie Solidarity","orientation":"0","keywords":["Studie","Coronavirus","Solidarity","Wissenschaft","Arzneimittel","Medizin","Gesundheitspolitik","Gesundheit","Anja Karliczek"]}},"post":null,"source_url":"https:\/\/timeline-germany.de\/wp-content\/uploads\/2020\/04\/HJR_2806_in.jpg","_links":{"self":[{"href":"https:\/\/timeline-germany.de\/en\/wp-json\/wp\/v2\/media\/9205","targetHints":{"allow":["GET"]}}],"collection":[{"href":"https:\/\/timeline-germany.de\/en\/wp-json\/wp\/v2\/media"}],"about":[{"href":"https:\/\/timeline-germany.de\/en\/wp-json\/wp\/v2\/types\/attachment"}],"replies":[{"embeddable":true,"href":"https:\/\/timeline-germany.de\/en\/wp-json\/wp\/v2\/comments?post=9205"}]}}

Bundesministerium für Bildung und Forschung

Karliczek: Neue WHO-Studie Solidarity vernetzt weltweite Forschung gegen Corona. Im Rahmen einer Pressekonferenz äußert sich Bundesforschungsministerin Anja Karliczek zum Start der WHO-Studie Solidarity gegen COVID-19 in Deutschland. Zugeschaltet waren Prof. Dr. Susanne Herold vom Universitätsklinikum Gießen sowie Prof. Dr. Hans Georg Kräusslich vom Universitätsklinikum Heidelberg. Weiterer Text über ots und www.presseportal.de/nr/67245 / Die Verwendung dieses Bildes ist für redaktionelle Zwecke honorarfrei. Veröffentlichung bitte unter Quellenangabe: "obs/Bundesministerium für Bildung und Forschung/Hans-Joachim Rickel"
