{"id":9365,"date":"2020-04-24T03:02:49","date_gmt":"2020-04-24T03:02:49","guid":{"rendered":"http:\/\/timeline-germany.de\/wp-content\/uploads\/2020\/04\/DSCN1705-f.jpg"},"modified":"2020-04-24T03:02:49","modified_gmt":"2020-04-24T03:02:49","slug":"dscn1705-f","status":"inherit","type":"attachment","link":"https:\/\/timeline-germany.de\/en\/dscn1705-f","title":{"rendered":"DSCN1705-f"},"author":0,"featured_media":0,"comment_status":"open","ping_status":"closed","template":"","meta":{"colormag_page_container_layout":"default_layout","colormag_page_sidebar_layout":"default_layout"},"class_list":["post-9365","attachment","type-attachment","status-inherit","hentry"],"aioseo_notices":[],"description":{"rendered":"<p class=\"attachment\"><a href='https:\/\/timeline-germany.de\/wp-content\/uploads\/2020\/04\/DSCN1705-f.jpg'><img loading=\"lazy\" decoding=\"async\" width=\"300\" height=\"243\" src=\"https:\/\/timeline-germany.de\/wp-content\/uploads\/2020\/04\/DSCN1705-f-300x243.jpg\" class=\"attachment-medium size-medium\" alt=\"\" srcset=\"https:\/\/timeline-germany.de\/wp-content\/uploads\/2020\/04\/DSCN1705-f-300x243.jpg 300w, https:\/\/timeline-germany.de\/wp-content\/uploads\/2020\/04\/DSCN1705-f.jpg 438w\" sizes=\"auto, (max-width: 300px) 100vw, 300px\" \/><\/a><\/p>\n"},"caption":{"rendered":""},"alt_text":"","media_type":"image","mime_type":"image\/jpeg","media_details":{"width":438,"height":355,"file":"2020\/04\/DSCN1705-f.jpg","sizes":{"thumbnail":{"file":"DSCN1705-f-150x150.jpg","width":150,"height":150,"mime_type":"image\/jpeg","source_url":"https:\/\/timeline-germany.de\/wp-content\/uploads\/2020\/04\/DSCN1705-f-150x150.jpg"},"medium":{"file":"DSCN1705-f-300x243.jpg","width":300,"height":243,"mime_type":"image\/jpeg","source_url":"https:\/\/timeline-germany.de\/wp-content\/uploads\/2020\/04\/DSCN1705-f-300x243.jpg"},"colormag-highlighted-post":{"file":"DSCN1705-f-392x272.jpg","width":392,"height":272,"mime_type":"image\/jpeg","source_url":"https:\/\/timeline-germany.de\/wp-content\/uploads\/2020\/04\/DSCN1705-f-392x272.jpg"},"colormag-featured-post-medium":{"file":"DSCN1705-f-390x205.jpg","width":390,"height":205,"mime_type":"image\/jpeg","source_url":"https:\/\/timeline-germany.de\/wp-content\/uploads\/2020\/04\/DSCN1705-f-390x205.jpg"},"colormag-featured-post-small":{"file":"DSCN1705-f-130x90.jpg","width":130,"height":90,"mime_type":"image\/jpeg","source_url":"https:\/\/timeline-germany.de\/wp-content\/uploads\/2020\/04\/DSCN1705-f-130x90.jpg"},"full":{"file":"DSCN1705-f.jpg","width":438,"height":355,"mime_type":"image\/jpeg","source_url":"https:\/\/timeline-germany.de\/wp-content\/uploads\/2020\/04\/DSCN1705-f.jpg"}},"image_meta":{"aperture":"0","credit":"Laverana GmbH","camera":"","caption":"Laverana Produktions- und Logistikzentrum in Bantorf \/ Naturkosmetikhersteller Laverana produziert f\u00fcr Niedersachsen 35.000l Desinfektionsmittel lavera hilft und spendet rund 20.000 Pflegeprodukte f\u00fcr Gemeinn\u00fctzige Organisationen. Weiterer Text \u00fcber ots und www.presseportal.de\/nr\/64783 \/ Die Verwendung dieses Bildes ist f\u00fcr redaktionelle Zwecke honorarfrei. Ver\u00f6ffentlichung bitte unter Quellenangabe: \"obs\/Laverana GmbH\/Laverana GmbH &amp; Co KG\"","created_timestamp":"0","copyright":"","focal_length":"0","iso":"0","shutter_speed":"0","title":"Naturkosmetikhersteller Laverana","orientation":"0","keywords":["Kosmetik","Gesundheit","Coronavirus","Neue Produkte","Desinfektionsmittel"]}},"post":null,"source_url":"https:\/\/timeline-germany.de\/wp-content\/uploads\/2020\/04\/DSCN1705-f.jpg","_links":{"self":[{"href":"https:\/\/timeline-germany.de\/en\/wp-json\/wp\/v2\/media\/9365","targetHints":{"allow":["GET"]}}],"collection":[{"href":"https:\/\/timeline-germany.de\/en\/wp-json\/wp\/v2\/media"}],"about":[{"href":"https:\/\/timeline-germany.de\/en\/wp-json\/wp\/v2\/types\/attachment"}],"replies":[{"embeddable":true,"href":"https:\/\/timeline-germany.de\/en\/wp-json\/wp\/v2\/comments?post=9365"}]}}

Laverana Produktions- und Logistikzentrum in Bantorf / Naturkosmetikhersteller Laverana produziert für Niedersachsen 35.000l Desinfektionsmittel lavera hilft und spendet rund 20.000 Pflegeprodukte für Gemeinnützige Organisationen. Weiterer Text über ots und www.presseportal.de/nr/64783 / Die Verwendung dieses Bildes ist für redaktionelle Zwecke honorarfrei. Veröffentlichung bitte unter Quellenangabe: "obs/Laverana GmbH/Laverana GmbH &amp; Co KG"
