{"id":10005,"date":"2020-06-15T03:03:08","date_gmt":"2020-06-15T03:03:08","guid":{"rendered":"http:\/\/timeline-germany.de\/wp-content\/uploads\/2020\/06\/PM_Verein_Menschen_brauchen_Menschen.jpg"},"modified":"2020-06-15T03:03:08","modified_gmt":"2020-06-15T03:03:08","slug":"pm_verein_menschen_brauchen_menschen","status":"inherit","type":"attachment","link":"https:\/\/timeline-germany.de\/tr\/pm_verein_menschen_brauchen_menschen","title":{"rendered":"PM_Verein_Menschen_brauchen_Menschen"},"author":0,"featured_media":0,"comment_status":"open","ping_status":"closed","template":"","meta":{"colormag_page_container_layout":"default_layout","colormag_page_sidebar_layout":"default_layout"},"class_list":["post-10005","attachment","type-attachment","status-inherit","hentry"],"aioseo_notices":[],"description":{"rendered":"<p class=\"attachment\"><a href='https:\/\/timeline-germany.de\/wp-content\/uploads\/2020\/06\/PM_Verein_Menschen_brauchen_Menschen.jpg'><img loading=\"lazy\" decoding=\"async\" width=\"300\" height=\"206\" src=\"https:\/\/timeline-germany.de\/wp-content\/uploads\/2020\/06\/PM_Verein_Menschen_brauchen_Menschen-300x206.jpg\" class=\"attachment-medium size-medium\" alt=\"\" srcset=\"https:\/\/timeline-germany.de\/wp-content\/uploads\/2020\/06\/PM_Verein_Menschen_brauchen_Menschen-300x206.jpg 300w, https:\/\/timeline-germany.de\/wp-content\/uploads\/2020\/06\/PM_Verein_Menschen_brauchen_Menschen-130x90.jpg 130w, https:\/\/timeline-germany.de\/wp-content\/uploads\/2020\/06\/PM_Verein_Menschen_brauchen_Menschen.jpg 516w\" sizes=\"auto, (max-width: 300px) 100vw, 300px\" \/><\/a><\/p>\n"},"caption":{"rendered":""},"alt_text":"","media_type":"image","mime_type":"image\/jpeg","media_details":{"width":516,"height":355,"file":"2020\/06\/PM_Verein_Menschen_brauchen_Menschen.jpg","sizes":{"thumbnail":{"file":"PM_Verein_Menschen_brauchen_Menschen-150x150.jpg","width":150,"height":150,"mime_type":"image\/jpeg","source_url":"https:\/\/timeline-germany.de\/wp-content\/uploads\/2020\/06\/PM_Verein_Menschen_brauchen_Menschen-150x150.jpg"},"medium":{"file":"PM_Verein_Menschen_brauchen_Menschen-300x206.jpg","width":300,"height":206,"mime_type":"image\/jpeg","source_url":"https:\/\/timeline-germany.de\/wp-content\/uploads\/2020\/06\/PM_Verein_Menschen_brauchen_Menschen-300x206.jpg"},"colormag-highlighted-post":{"file":"PM_Verein_Menschen_brauchen_Menschen-392x272.jpg","width":392,"height":272,"mime_type":"image\/jpeg","source_url":"https:\/\/timeline-germany.de\/wp-content\/uploads\/2020\/06\/PM_Verein_Menschen_brauchen_Menschen-392x272.jpg"},"colormag-featured-post-medium":{"file":"PM_Verein_Menschen_brauchen_Menschen-390x205.jpg","width":390,"height":205,"mime_type":"image\/jpeg","source_url":"https:\/\/timeline-germany.de\/wp-content\/uploads\/2020\/06\/PM_Verein_Menschen_brauchen_Menschen-390x205.jpg"},"colormag-featured-post-small":{"file":"PM_Verein_Menschen_brauchen_Menschen-130x90.jpg","width":130,"height":90,"mime_type":"image\/jpeg","source_url":"https:\/\/timeline-germany.de\/wp-content\/uploads\/2020\/06\/PM_Verein_Menschen_brauchen_Menschen-130x90.jpg"},"full":{"file":"PM_Verein_Menschen_brauchen_Menschen.jpg","width":516,"height":355,"mime_type":"image\/jpeg","source_url":"https:\/\/timeline-germany.de\/wp-content\/uploads\/2020\/06\/PM_Verein_Menschen_brauchen_Menschen.jpg"}},"image_meta":{"aperture":"0","credit":"DVAG Deutsche Verm\u00f6gensberatung AG","camera":"","caption":"Menschen brauchen Menschen \/ Langfristige Kooperation der Deutschen Verm\u00f6gensberatung und Tafel Deutschland \/ Die Deutsche Verm\u00f6gensberatung unterst\u00fctzt ma\u00dfgeblich den gemeinn\u00fctzigen Verein \"Menschen brauchen Menschen e.V.\", f\u00fcr den sich auch die dritte Generation der Familie Pohl stark macht: Nathalie Pohl und Annabell Pohl tragen als zentrale Gr\u00fcndungsmitglieder den hohen Anspruch an das gesellschaftliche Engagement der Deutschen Verm\u00f6gensberatung aktiv in den Verein. (V.l.n.r.: Reinfried Pohl, Annabell Pohl, Nathalie Pohl, Andreas Pohl). Weiterer Text \u00fcber ots und www.presseportal.de\/nr\/6340 \/ Die Verwendung dieses Bildes ist f\u00fcr redaktionelle Zwecke honorarfrei. Ver\u00f6ffentlichung bitte unter Quellenangabe: \"obs\/DVAG Deutsche Verm\u00f6gensberatung AG\" Weiterer Text \u00fcber ots und www.presseportal.de\/nr\/6340 \/ Die Verwendung dieses Bildes ist f\u00fcr redaktionelle Zwecke honorarfrei. Ver\u00f6ffentlichung bitte unter Quellenangabe: \"obs\/DVAG Deutsche Verm\u00f6gensberatung AG\"","created_timestamp":"0","copyright":"","focal_length":"0","iso":"0","shutter_speed":"0","title":"Menschen brauchen Menschen","orientation":"0","keywords":["Kooperation","Soziales","Finanzdienstleistung","Menschen brauchen Menschen e.V.","Tafel Deutschland e.V.","Transport","Logistik","Unternehmen","Mittelstand","Lebensmittel","Gesellschaft"]}},"post":null,"source_url":"https:\/\/timeline-germany.de\/wp-content\/uploads\/2020\/06\/PM_Verein_Menschen_brauchen_Menschen.jpg","_links":{"self":[{"href":"https:\/\/timeline-germany.de\/tr\/wp-json\/wp\/v2\/media\/10005","targetHints":{"allow":["GET"]}}],"collection":[{"href":"https:\/\/timeline-germany.de\/tr\/wp-json\/wp\/v2\/media"}],"about":[{"href":"https:\/\/timeline-germany.de\/tr\/wp-json\/wp\/v2\/types\/attachment"}],"replies":[{"embeddable":true,"href":"https:\/\/timeline-germany.de\/tr\/wp-json\/wp\/v2\/comments?post=10005"}]}}

DVAG Deutsche Vermögensberatung AG

Menschen brauchen Menschen / Langfristige Kooperation der Deutschen Vermögensberatung und Tafel Deutschland / Die Deutsche Vermögensberatung unterstützt maßgeblich den gemeinnützigen Verein "Menschen brauchen Menschen e.V.", für den sich auch die dritte Generation der Familie Pohl stark macht: Nathalie Pohl und Annabell Pohl tragen als zentrale Gründungsmitglieder den hohen Anspruch an das gesellschaftliche Engagement der Deutschen Vermögensberatung aktiv in den Verein. (V.l.n.r.: Reinfried Pohl, Annabell Pohl, Nathalie Pohl, Andreas Pohl). Weiterer Text über ots und www.presseportal.de/nr/6340 / Die Verwendung dieses Bildes ist für redaktionelle Zwecke honorarfrei. Veröffentlichung bitte unter Quellenangabe: "obs/DVAG Deutsche Vermögensberatung AG" Weiterer Text über ots und www.presseportal.de/nr/6340 / Die Verwendung dieses Bildes ist für redaktionelle Zwecke honorarfrei. Veröffentlichung bitte unter Quellenangabe: "obs/DVAG Deutsche Vermögensberatung AG"
