{"id":10022,"date":"2020-06-16T03:03:04","date_gmt":"2020-06-16T03:03:04","guid":{"rendered":"http:\/\/timeline-germany.de\/wp-content\/uploads\/2020\/06\/20200615-ONA0002-1-1.jpg"},"modified":"2020-06-16T03:03:04","modified_gmt":"2020-06-16T03:03:04","slug":"20200615-ona0002-1-1","status":"inherit","type":"attachment","link":"https:\/\/timeline-germany.de\/tr\/20200615-ona0002-1-1","title":{"rendered":"20200615-ONA0002-1-1"},"author":0,"featured_media":0,"comment_status":"open","ping_status":"closed","template":"","meta":{"colormag_page_container_layout":"default_layout","colormag_page_sidebar_layout":"default_layout"},"class_list":["post-10022","attachment","type-attachment","status-inherit","hentry"],"aioseo_notices":[],"description":{"rendered":"<p class=\"attachment\"><a href='https:\/\/timeline-germany.de\/wp-content\/uploads\/2020\/06\/20200615-ONA0002-1-1.jpg'><img loading=\"lazy\" decoding=\"async\" width=\"300\" height=\"169\" src=\"https:\/\/timeline-germany.de\/wp-content\/uploads\/2020\/06\/20200615-ONA0002-1-1-300x169.jpg\" class=\"attachment-medium size-medium\" alt=\"\" srcset=\"https:\/\/timeline-germany.de\/wp-content\/uploads\/2020\/06\/20200615-ONA0002-1-1-300x169.jpg 300w, https:\/\/timeline-germany.de\/wp-content\/uploads\/2020\/06\/20200615-ONA0002-1-1.jpg 631w\" sizes=\"auto, (max-width: 300px) 100vw, 300px\" \/><\/a><\/p>\n"},"caption":{"rendered":""},"alt_text":"","media_type":"image","mime_type":"image\/jpeg","media_details":{"width":631,"height":355,"file":"2020\/06\/20200615-ONA0002-1-1.jpg","sizes":{"thumbnail":{"file":"20200615-ONA0002-1-1-150x150.jpg","width":150,"height":150,"mime_type":"image\/jpeg","source_url":"https:\/\/timeline-germany.de\/wp-content\/uploads\/2020\/06\/20200615-ONA0002-1-1-150x150.jpg"},"medium":{"file":"20200615-ONA0002-1-1-300x169.jpg","width":300,"height":169,"mime_type":"image\/jpeg","source_url":"https:\/\/timeline-germany.de\/wp-content\/uploads\/2020\/06\/20200615-ONA0002-1-1-300x169.jpg"},"colormag-highlighted-post":{"file":"20200615-ONA0002-1-1-392x272.jpg","width":392,"height":272,"mime_type":"image\/jpeg","source_url":"https:\/\/timeline-germany.de\/wp-content\/uploads\/2020\/06\/20200615-ONA0002-1-1-392x272.jpg"},"colormag-featured-post-medium":{"file":"20200615-ONA0002-1-1-390x205.jpg","width":390,"height":205,"mime_type":"image\/jpeg","source_url":"https:\/\/timeline-germany.de\/wp-content\/uploads\/2020\/06\/20200615-ONA0002-1-1-390x205.jpg"},"colormag-featured-post-small":{"file":"20200615-ONA0002-1-1-130x90.jpg","width":130,"height":90,"mime_type":"image\/jpeg","source_url":"https:\/\/timeline-germany.de\/wp-content\/uploads\/2020\/06\/20200615-ONA0002-1-1-130x90.jpg"},"full":{"file":"20200615-ONA0002-1-1.jpg","width":631,"height":355,"mime_type":"image\/jpeg","source_url":"https:\/\/timeline-germany.de\/wp-content\/uploads\/2020\/06\/20200615-ONA0002-1-1.jpg"}},"image_meta":{"aperture":"0","credit":"saalbach.com, Hannes Berger\/Moritz Ablinger","camera":"","caption":"Bike-Profi und YouTube Star trifft auf Downhill Junioren-Weltmeisterin. W\u00e4hrend Fabio Wibmer im Lockdown mit seiner eigenen Interpretation des \u201eHome Office\u201c einen weltweiten viralen Erfolg feierte,\u00a0 hat sich die zweifache Junioren Downhill Weltmeisterin Vali H\u00f6ll mit einem\u00a0Selfmade Fitnessstudio\u00a0auf die bevorstehende Weltcupsaison und die Heim-WM vorbereitet. Mit der Er\u00f6ffnung von \u00d6sterreichs gr\u00f6\u00dfter Bike-Region am 11. Juni kehrt f\u00fcr die beiden Mountainbike-Stars nun endlich wieder ein St\u00fcck Normalit\u00e4t zur\u00fcck. Weg vom Trockentraining, zur\u00fcck auf die Trails!Hier geht's zum Video -\u00a0BACK IN THE GAME:\u00a0https:\/\/www.youtube.com\/watch?v=j13G3dQXYb0So einzigartig und facettenreich wie die Skills von Vali H\u00f6ll und Fabio Wibmer sind auch die Trails in Saalbach Hinterglemm. Im Season-Opening Video \"BACK IN THE GAME\" zeigen die beiden Saalbach-Athleten auf zwei gegen\u00fcberliegenden Bergen eindrucksvoll, dass hier f\u00fcr jeden Riding-Style etwas dabei ist. Auf der X-Line \u2013 der technisch-anspruchsvollen Downhill Strecke am Schattberg \u2013 feilt Vali H\u00f6ll an ihrer Technik und Geschwindigkeit, w\u00e4hrend Fabio Wibmer am Panorama-Trail gegen\u00fcber am Kohlmais stylisch Airtime sammelt.Vali H\u00f6ll h\u00e4tte eigentlich am 07. Juni bereits das dritte Weltcup-Rennen der Saison bestritten, doch aufgrund des Lockdowns markiert die Er\u00f6ffnung der Bike-Region in Saalbach den Beginn der Vorbereitung auf die in den September und Oktober verschobene Weltcupsaison inklusive Heim-WM in Leogang. Zumindest f\u00fcr Vali hatte die Verschiebung der Saison nicht nur Negatives zur Folge, denn so konnte sich die geb\u00fcrtige Saalbacherin voll und ganz auf die \u2013 mittlerweile erfolgreich abgeschlossene \u2013 Matura (Abitur) konzentrieren und hat jetzt nach dem Lernstress noch genug Zeit, sich auf die Weltcupsaison und die Heim-WM vorzubereiten.Vali H\u00f6ll:\u00a0\u201eWenn in Saalbach und Leogang die Sommersaison startet ist das besser wie Weihnachten und Ostern zusammen f\u00fcr mich. Denn das hei\u00dft, dass ich statt im\u00a0Fitnessstudio\u00a0wieder auf den Trails vor meiner Haust\u00fcr trainieren kann. Die X-Line ist neben der WM-Strecke in Leogang perfekt, denn hier kann ich meine Technik und gleichzeitig meine Ausdauer verbessern.\u201cAuch in Fabio Wibmer\u2019s Jahresplanung hat sich durch den Lockdown einiges ge\u00e4ndert. Doch der kreative Youtuber und Bike-Profi hat sich auch im \u201eHome Office\u201c einiges einfallen lassen und mit seinem neuen Video ein weltweites Millionenpublikum erreicht.Fabio Wibmer:\u00a0\u201eIch freue mich riesig wieder in Saalbach aufs Bike steigen zu k\u00f6nnen. Auch wenn uns mit Home Office ein kleiner Lockdown-\u00dcberraschungshit gelungen ist, bin ich nat\u00fcrlich mehr als happy nun wieder raus zu k\u00f6nnen. Mich endlich wieder in der Bike-Region Saalbach, zu der ich \u00fcber die Jahre eine derart enge Verbindung aufgebaut habe, auf den Trails auszutoben, ist etwas ganz Besonderes \u2013 und macht auch definitiv mehr Spa\u00df als zuhause auf der Waschmaschine und dem Esstisch zu balancieren.\u201cAm 11. Juni er\u00f6ffnete Saalbach Hinterglemm mit den beiden Mountainbike-Stars die Bike-Saison und gibt somit auch den Startschuss in den Vollbetrieb von \u00d6sterreichs gr\u00f6\u00dfter Bike-Region. Auf \u00fcber 70 km Lines &amp; Trails, mit 9 Bergbahnen auf 7 Bergen in Saalbach Hinterglemm Leogang Fieberbrunn warten flowige Trails, WM-w\u00fcrdige Downhill-Strecken, Jumplines, verblockte, technische Singletracks und unlimitierte (E-) MTB Tourenkilometer.Weitere Infos unter\u00a0saalbach.com\/bike_____Download Teaser:\u00a0https:\/\/we.tl\/t-ddEhE6TuFqWeitere Fotos unter:\u00a0https:\/\/we.tl\/t-2Y6braM1sTWeitere Infos zum Biken in Saalbach hier","created_timestamp":"0","copyright":"","focal_length":"0","iso":"0","shutter_speed":"0","title":"Fabio Wibmer und Vali H\u00f6ll sind \"BACK IN THE GAME\"","orientation":"0","keywords":["Sport","Lifestyle","Tourismus und Freizeit"]}},"post":null,"source_url":"https:\/\/timeline-germany.de\/wp-content\/uploads\/2020\/06\/20200615-ONA0002-1-1.jpg","_links":{"self":[{"href":"https:\/\/timeline-germany.de\/tr\/wp-json\/wp\/v2\/media\/10022","targetHints":{"allow":["GET"]}}],"collection":[{"href":"https:\/\/timeline-germany.de\/tr\/wp-json\/wp\/v2\/media"}],"about":[{"href":"https:\/\/timeline-germany.de\/tr\/wp-json\/wp\/v2\/types\/attachment"}],"replies":[{"embeddable":true,"href":"https:\/\/timeline-germany.de\/tr\/wp-json\/wp\/v2\/comments?post=10022"}]}}

Bike-Profi und YouTube Star trifft auf Downhill Junioren-Weltmeisterin. Während Fabio Wibmer im Lockdown mit seiner eigenen Interpretation des „Home Office“ einen weltweiten viralen Erfolg feierte,  hat sich die zweifache Junioren Downhill Weltmeisterin Vali Höll mit einem Selfmade Fitnessstudio auf die bevorstehende Weltcupsaison und die Heim-WM vorbereitet. Mit der Eröffnung von Österreichs größter Bike-Region am 11. Juni kehrt für die beiden Mountainbike-Stars nun endlich wieder ein Stück Normalität zurück. Weg vom Trockentraining, zurück auf die Trails!Hier geht's zum Video - BACK IN THE GAME: https://www.youtube.com/watch?v=j13G3dQXYb0So einzigartig und facettenreich wie die Skills von Vali Höll und Fabio Wibmer sind auch die Trails in Saalbach Hinterglemm. Im Season-Opening Video "BACK IN THE GAME" zeigen die beiden Saalbach-Athleten auf zwei gegenüberliegenden Bergen eindrucksvoll, dass hier für jeden Riding-Style etwas dabei ist. Auf der X-Line – der technisch-anspruchsvollen Downhill Strecke am Schattberg – feilt Vali Höll an ihrer Technik und Geschwindigkeit, während Fabio Wibmer am Panorama-Trail gegenüber am Kohlmais stylisch Airtime sammelt.Vali Höll hätte eigentlich am 07. Juni bereits das dritte Weltcup-Rennen der Saison bestritten, doch aufgrund des Lockdowns markiert die Eröffnung der Bike-Region in Saalbach den Beginn der Vorbereitung auf die in den September und Oktober verschobene Weltcupsaison inklusive Heim-WM in Leogang. Zumindest für Vali hatte die Verschiebung der Saison nicht nur Negatives zur Folge, denn so konnte sich die gebürtige Saalbacherin voll und ganz auf die – mittlerweile erfolgreich abgeschlossene – Matura (Abitur) konzentrieren und hat jetzt nach dem Lernstress noch genug Zeit, sich auf die Weltcupsaison und die Heim-WM vorzubereiten.Vali Höll: „Wenn in Saalbach und Leogang die Sommersaison startet ist das besser wie Weihnachten und Ostern zusammen für mich. Denn das heißt, dass ich statt im Fitnessstudio wieder auf den Trails vor meiner Haustür trainieren kann. Die X-Line ist neben der WM-Strecke in Leogang perfekt, denn hier kann ich meine Technik und gleichzeitig meine Ausdauer verbessern.“Auch in Fabio Wibmer’s Jahresplanung hat sich durch den Lockdown einiges geändert. Doch der kreative Youtuber und Bike-Profi hat sich auch im „Home Office“ einiges einfallen lassen und mit seinem neuen Video ein weltweites Millionenpublikum erreicht.Fabio Wibmer: „Ich freue mich riesig wieder in Saalbach aufs Bike steigen zu können. Auch wenn uns mit Home Office ein kleiner Lockdown-Überraschungshit gelungen ist, bin ich natürlich mehr als happy nun wieder raus zu können. Mich endlich wieder in der Bike-Region Saalbach, zu der ich über die Jahre eine derart enge Verbindung aufgebaut habe, auf den Trails auszutoben, ist etwas ganz Besonderes – und macht auch definitiv mehr Spaß als zuhause auf der Waschmaschine und dem Esstisch zu balancieren.“Am 11. Juni eröffnete Saalbach Hinterglemm mit den beiden Mountainbike-Stars die Bike-Saison und gibt somit auch den Startschuss in den Vollbetrieb von Österreichs größter Bike-Region. Auf über 70 km Lines &amp; Trails, mit 9 Bergbahnen auf 7 Bergen in Saalbach Hinterglemm Leogang Fieberbrunn warten flowige Trails, WM-würdige Downhill-Strecken, Jumplines, verblockte, technische Singletracks und unlimitierte (E-) MTB Tourenkilometer.Weitere Infos unter saalbach.com/bike_____Download Teaser: https://we.tl/t-ddEhE6TuFqWeitere Fotos unter: https://we.tl/t-2Y6braM1sTWeitere Infos zum Biken in Saalbach hier

Fabio Wibmer und Vali Höll sind "BACK IN THE GAME"
