{"id":10038,"date":"2020-06-17T03:03:15","date_gmt":"2020-06-17T03:03:15","guid":{"rendered":"http:\/\/timeline-germany.de\/wp-content\/uploads\/2020\/06\/dpa_Jan_Mies.jpg"},"modified":"2020-06-17T03:03:15","modified_gmt":"2020-06-17T03:03:15","slug":"dpa_jan_mies","status":"inherit","type":"attachment","link":"https:\/\/timeline-germany.de\/tr\/dpa_jan_mies","title":{"rendered":"dpa_Jan_Mies"},"author":0,"featured_media":0,"comment_status":"open","ping_status":"closed","template":"","meta":{"colormag_page_container_layout":"default_layout","colormag_page_sidebar_layout":"default_layout"},"class_list":["post-10038","attachment","type-attachment","status-inherit","hentry"],"aioseo_notices":[],"description":{"rendered":"<p class=\"attachment\"><a href='https:\/\/timeline-germany.de\/wp-content\/uploads\/2020\/06\/dpa_Jan_Mies.jpg'><img loading=\"lazy\" decoding=\"async\" width=\"300\" height=\"200\" src=\"https:\/\/timeline-germany.de\/wp-content\/uploads\/2020\/06\/dpa_Jan_Mies-300x200.jpg\" class=\"attachment-medium size-medium\" alt=\"\" srcset=\"https:\/\/timeline-germany.de\/wp-content\/uploads\/2020\/06\/dpa_Jan_Mies-300x200.jpg 300w, https:\/\/timeline-germany.de\/wp-content\/uploads\/2020\/06\/dpa_Jan_Mies.jpg 532w\" sizes=\"auto, (max-width: 300px) 100vw, 300px\" \/><\/a><\/p>\n"},"caption":{"rendered":""},"alt_text":"","media_type":"image","mime_type":"image\/jpeg","media_details":{"width":532,"height":355,"file":"2020\/06\/dpa_Jan_Mies.jpg","sizes":{"thumbnail":{"file":"dpa_Jan_Mies-150x150.jpg","width":150,"height":150,"mime_type":"image\/jpeg","source_url":"https:\/\/timeline-germany.de\/wp-content\/uploads\/2020\/06\/dpa_Jan_Mies-150x150.jpg"},"medium":{"file":"dpa_Jan_Mies-300x200.jpg","width":300,"height":200,"mime_type":"image\/jpeg","source_url":"https:\/\/timeline-germany.de\/wp-content\/uploads\/2020\/06\/dpa_Jan_Mies-300x200.jpg"},"colormag-highlighted-post":{"file":"dpa_Jan_Mies-392x272.jpg","width":392,"height":272,"mime_type":"image\/jpeg","source_url":"https:\/\/timeline-germany.de\/wp-content\/uploads\/2020\/06\/dpa_Jan_Mies-392x272.jpg"},"colormag-featured-post-medium":{"file":"dpa_Jan_Mies-390x205.jpg","width":390,"height":205,"mime_type":"image\/jpeg","source_url":"https:\/\/timeline-germany.de\/wp-content\/uploads\/2020\/06\/dpa_Jan_Mies-390x205.jpg"},"colormag-featured-post-small":{"file":"dpa_Jan_Mies-130x90.jpg","width":130,"height":90,"mime_type":"image\/jpeg","source_url":"https:\/\/timeline-germany.de\/wp-content\/uploads\/2020\/06\/dpa_Jan_Mies-130x90.jpg"},"full":{"file":"dpa_Jan_Mies.jpg","width":532,"height":355,"mime_type":"image\/jpeg","source_url":"https:\/\/timeline-germany.de\/wp-content\/uploads\/2020\/06\/dpa_Jan_Mies.jpg"}},"image_meta":{"aperture":"0","credit":"dpa Deutsche Presse-Agentur GmbH","camera":"","caption":"Jan Mies (34) \u00fcbernimmt zum 1. Juli die Aufgabe des Fu\u00dfballchefs im dpa-Sport. Er ist seit 2019 f\u00fcr die dpa als Sportredakteur t\u00e4tig. Weiterer Text \u00fcber ots und www.presseportal.de\/nr\/8218 \/ Die Verwendung dieses Bildes ist f\u00fcr redaktionelle Zwecke honorarfrei. Ver\u00f6ffentlichung bitte unter Quellenangabe: \"obs\/dpa Deutsche Presse-Agentur GmbH\/Foto: privat\"","created_timestamp":"0","copyright":"","focal_length":"0","iso":"0","shutter_speed":"0","title":"Jan Mies neuer Fu\u00dfballchef bei dpa","orientation":"0","keywords":["Jan Mies","Fu\u00dfball","Sport","Medien","Nachrichtenagentur","Journalismus"]}},"post":null,"source_url":"https:\/\/timeline-germany.de\/wp-content\/uploads\/2020\/06\/dpa_Jan_Mies.jpg","_links":{"self":[{"href":"https:\/\/timeline-germany.de\/tr\/wp-json\/wp\/v2\/media\/10038","targetHints":{"allow":["GET"]}}],"collection":[{"href":"https:\/\/timeline-germany.de\/tr\/wp-json\/wp\/v2\/media"}],"about":[{"href":"https:\/\/timeline-germany.de\/tr\/wp-json\/wp\/v2\/types\/attachment"}],"replies":[{"embeddable":true,"href":"https:\/\/timeline-germany.de\/tr\/wp-json\/wp\/v2\/comments?post=10038"}]}}

Jan Mies (34) übernimmt zum 1. Juli die Aufgabe des Fußballchefs im dpa-Sport. Er ist seit 2019 für die dpa als Sportredakteur tätig. Weiterer Text über ots und www.presseportal.de/nr/8218 / Die Verwendung dieses Bildes ist für redaktionelle Zwecke honorarfrei. Veröffentlichung bitte unter Quellenangabe: "obs/dpa Deutsche Presse-Agentur GmbH/Foto: privat"

Jan Mies neuer Fußballchef bei dpa

Fußball
