{"id":10127,"date":"2020-06-24T03:02:51","date_gmt":"2020-06-24T03:02:51","guid":{"rendered":"http:\/\/timeline-germany.de\/wp-content\/uploads\/2020\/06\/20200623-ONA0003-1-1.jpg"},"modified":"2020-06-24T03:02:51","modified_gmt":"2020-06-24T03:02:51","slug":"20200623-ona0003-1-1","status":"inherit","type":"attachment","link":"https:\/\/timeline-germany.de\/tr\/20200623-ona0003-1-1","title":{"rendered":"20200623-ONA0003-1-1"},"author":0,"featured_media":0,"comment_status":"open","ping_status":"closed","template":"","meta":{"colormag_page_container_layout":"default_layout","colormag_page_sidebar_layout":"default_layout"},"class_list":["post-10127","attachment","type-attachment","status-inherit","hentry"],"aioseo_notices":[],"description":{"rendered":"<p class=\"attachment\"><a href='https:\/\/timeline-germany.de\/wp-content\/uploads\/2020\/06\/20200623-ONA0003-1-1.jpg'><img loading=\"lazy\" decoding=\"async\" width=\"300\" height=\"169\" src=\"https:\/\/timeline-germany.de\/wp-content\/uploads\/2020\/06\/20200623-ONA0003-1-1-300x169.jpg\" class=\"attachment-medium size-medium\" alt=\"\" srcset=\"https:\/\/timeline-germany.de\/wp-content\/uploads\/2020\/06\/20200623-ONA0003-1-1-300x169.jpg 300w, https:\/\/timeline-germany.de\/wp-content\/uploads\/2020\/06\/20200623-ONA0003-1-1.jpg 631w\" sizes=\"auto, (max-width: 300px) 100vw, 300px\" \/><\/a><\/p>\n"},"caption":{"rendered":""},"alt_text":"","media_type":"image","mime_type":"image\/jpeg","media_details":{"width":631,"height":355,"file":"2020\/06\/20200623-ONA0003-1-1.jpg","sizes":{"thumbnail":{"file":"20200623-ONA0003-1-1-150x150.jpg","width":150,"height":150,"mime_type":"image\/jpeg","source_url":"https:\/\/timeline-germany.de\/wp-content\/uploads\/2020\/06\/20200623-ONA0003-1-1-150x150.jpg"},"medium":{"file":"20200623-ONA0003-1-1-300x169.jpg","width":300,"height":169,"mime_type":"image\/jpeg","source_url":"https:\/\/timeline-germany.de\/wp-content\/uploads\/2020\/06\/20200623-ONA0003-1-1-300x169.jpg"},"colormag-highlighted-post":{"file":"20200623-ONA0003-1-1-392x272.jpg","width":392,"height":272,"mime_type":"image\/jpeg","source_url":"https:\/\/timeline-germany.de\/wp-content\/uploads\/2020\/06\/20200623-ONA0003-1-1-392x272.jpg"},"colormag-featured-post-medium":{"file":"20200623-ONA0003-1-1-390x205.jpg","width":390,"height":205,"mime_type":"image\/jpeg","source_url":"https:\/\/timeline-germany.de\/wp-content\/uploads\/2020\/06\/20200623-ONA0003-1-1-390x205.jpg"},"colormag-featured-post-small":{"file":"20200623-ONA0003-1-1-130x90.jpg","width":130,"height":90,"mime_type":"image\/jpeg","source_url":"https:\/\/timeline-germany.de\/wp-content\/uploads\/2020\/06\/20200623-ONA0003-1-1-130x90.jpg"},"full":{"file":"20200623-ONA0003-1-1.jpg","width":631,"height":355,"mime_type":"image\/jpeg","source_url":"https:\/\/timeline-germany.de\/wp-content\/uploads\/2020\/06\/20200623-ONA0003-1-1.jpg"}},"image_meta":{"aperture":"0","credit":"MCI","camera":"","caption":"Dick Costolo ist ein Multi-Unternehmer, Gr\u00fcnder und Risikopartner, der vor allem als CEO von Twitter von 2010 bis 2015 bekannt ist. Dick Costolo hat mehrere Startups gegr\u00fcndet, darunter FeedBurner, das 2007 an Google verkauft wurde. W\u00e4hrend seiner Zeit bei Twitter wurde Dick von Business Insider als \"einer der beeindruckendsten CEOs des Silicon Valley\" und von TIME als \"einer der 10 einflussreichsten U.S. Tech CEOs\" ausgezeichnet. Er ist auch ein ehemaliger Improvisationskomiker und derzeit als Berater f\u00fcr HBOs Silicon Valley t\u00e4tig.Der digitale Livetalk mit dem fr\u00fcheren CEO von Twitter, DICK COSTOLO, bildet den Auftakt einer vo MCI gemeinsam mit U.S. Botschafter Trevor D. Traina gestalteten Trevor D. Traina Guest Lecture Series.Datum:  26.06.2020, 17:00 - 17:45 UhrOrt: Online, \u00d6sterreich\n                Url: \n                http:\/\/www.mci.edu\/livetalk","created_timestamp":"0","copyright":"","focal_length":"0","iso":"0","shutter_speed":"0","title":"Dick Costolo, Entrepreneur, CEO von Twitter 2010-2015","orientation":"0","keywords":["Bildung","Hochschulwesen","Veranstaltung","Termin"]}},"post":null,"source_url":"https:\/\/timeline-germany.de\/wp-content\/uploads\/2020\/06\/20200623-ONA0003-1-1.jpg","_links":{"self":[{"href":"https:\/\/timeline-germany.de\/tr\/wp-json\/wp\/v2\/media\/10127","targetHints":{"allow":["GET"]}}],"collection":[{"href":"https:\/\/timeline-germany.de\/tr\/wp-json\/wp\/v2\/media"}],"about":[{"href":"https:\/\/timeline-germany.de\/tr\/wp-json\/wp\/v2\/types\/attachment"}],"replies":[{"embeddable":true,"href":"https:\/\/timeline-germany.de\/tr\/wp-json\/wp\/v2\/comments?post=10127"}]}}

Dick Costolo ist ein Multi-Unternehmer, Gründer und Risikopartner, der vor allem als CEO von Twitter von 2010 bis 2015 bekannt ist. Dick Costolo hat mehrere Startups gegründet, darunter FeedBurner, das 2007 an Google verkauft wurde. Während seiner Zeit bei Twitter wurde Dick von Business Insider als "einer der beeindruckendsten CEOs des Silicon Valley" und von TIME als "einer der 10 einflussreichsten U.S. Tech CEOs" ausgezeichnet. Er ist auch ein ehemaliger Improvisationskomiker und derzeit als Berater für HBOs Silicon Valley tätig.Der digitale Livetalk mit dem früheren CEO von Twitter, DICK COSTOLO, bildet den Auftakt einer vo MCI gemeinsam mit U.S. Botschafter Trevor D. Traina gestalteten Trevor D. Traina Guest Lecture Series.Datum:  26.06.2020, 17:00 - 17:45 UhrOrt: Online, Österreich
                Url: 
                http://www.mci.edu/livetalk
