{"id":5757,"date":"2019-10-23T03:03:08","date_gmt":"2019-10-23T03:03:08","guid":{"rendered":"http:\/\/timeline-germany.de\/wp-content\/uploads\/2019\/10\/zdfinfo-mit-neuen-dokus-zum-klimawandel.jpg"},"modified":"2019-10-23T03:03:08","modified_gmt":"2019-10-23T03:03:08","slug":"zdfinfo-mit-neuen-dokus-zum-klimawandel-2","status":"inherit","type":"attachment","link":"https:\/\/timeline-germany.de\/tr\/zdfinfo-mit-neuen-dokus-zum-klimawandel-2","title":{"rendered":"zdfinfo-mit-neuen-dokus-zum-klimawandel"},"author":0,"featured_media":0,"comment_status":"open","ping_status":"closed","template":"","meta":{"colormag_page_container_layout":"default_layout","colormag_page_sidebar_layout":"default_layout"},"class_list":["post-5757","attachment","type-attachment","status-inherit","hentry"],"aioseo_notices":[],"description":{"rendered":"<p class=\"attachment\"><a href='https:\/\/timeline-germany.de\/wp-content\/uploads\/2019\/10\/zdfinfo-mit-neuen-dokus-zum-klimawandel.jpg'><img loading=\"lazy\" decoding=\"async\" width=\"300\" height=\"169\" src=\"https:\/\/timeline-germany.de\/wp-content\/uploads\/2019\/10\/zdfinfo-mit-neuen-dokus-zum-klimawandel-300x169.jpg\" class=\"attachment-medium size-medium\" alt=\"\" srcset=\"https:\/\/timeline-germany.de\/wp-content\/uploads\/2019\/10\/zdfinfo-mit-neuen-dokus-zum-klimawandel-300x169.jpg 300w, https:\/\/timeline-germany.de\/wp-content\/uploads\/2019\/10\/zdfinfo-mit-neuen-dokus-zum-klimawandel.jpg 732w\" sizes=\"auto, (max-width: 300px) 100vw, 300px\" \/><\/a><\/p>\n"},"caption":{"rendered":""},"alt_text":"","media_type":"image","mime_type":"image\/jpeg","media_details":{"width":732,"height":412,"file":"2019\/10\/zdfinfo-mit-neuen-dokus-zum-klimawandel.jpg","sizes":{"thumbnail":{"file":"zdfinfo-mit-neuen-dokus-zum-klimawandel-150x150.jpg","width":150,"height":150,"mime_type":"image\/jpeg","source_url":"https:\/\/timeline-germany.de\/wp-content\/uploads\/2019\/10\/zdfinfo-mit-neuen-dokus-zum-klimawandel-150x150.jpg"},"medium":{"file":"zdfinfo-mit-neuen-dokus-zum-klimawandel-300x169.jpg","width":300,"height":169,"mime_type":"image\/jpeg","source_url":"https:\/\/timeline-germany.de\/wp-content\/uploads\/2019\/10\/zdfinfo-mit-neuen-dokus-zum-klimawandel-300x169.jpg"},"colormag-highlighted-post":{"file":"zdfinfo-mit-neuen-dokus-zum-klimawandel-392x272.jpg","width":392,"height":272,"mime_type":"image\/jpeg","source_url":"https:\/\/timeline-germany.de\/wp-content\/uploads\/2019\/10\/zdfinfo-mit-neuen-dokus-zum-klimawandel-392x272.jpg"},"colormag-featured-post-medium":{"file":"zdfinfo-mit-neuen-dokus-zum-klimawandel-390x205.jpg","width":390,"height":205,"mime_type":"image\/jpeg","source_url":"https:\/\/timeline-germany.de\/wp-content\/uploads\/2019\/10\/zdfinfo-mit-neuen-dokus-zum-klimawandel-390x205.jpg"},"colormag-featured-post-small":{"file":"zdfinfo-mit-neuen-dokus-zum-klimawandel-130x90.jpg","width":130,"height":90,"mime_type":"image\/jpeg","source_url":"https:\/\/timeline-germany.de\/wp-content\/uploads\/2019\/10\/zdfinfo-mit-neuen-dokus-zum-klimawandel-130x90.jpg"},"full":{"file":"zdfinfo-mit-neuen-dokus-zum-klimawandel.jpg","width":732,"height":412,"mime_type":"image\/jpeg","source_url":"https:\/\/timeline-germany.de\/wp-content\/uploads\/2019\/10\/zdfinfo-mit-neuen-dokus-zum-klimawandel.jpg"}},"image_meta":{"aperture":"0","credit":"ZDF","camera":"","caption":"St\u00fcrme und \u00dcberschwemmungen nehmen zu, wie hier im s\u00fcdindischen Kerala. Nutzung des Bildes nur in Verbindung mit der Sendung. Keine Rechte f\u00fcr Social Media \/ Weiterer Text \u00fcber ots und www.presseportal.de\/nr\/105413 \/ Die Verwendung dieses Bildes ist f\u00fcr redaktionelle Zwecke honorarfrei. Ver\u00f6ffentlichung bitte unter Quellenangabe: \"obs\/ZDFinfo\/Patrick Acum\"","created_timestamp":"0","copyright":"","focal_length":"0","iso":"0","shutter_speed":"0","title":"ZDFinfo-Dokus zum Klimawandel","orientation":"0","keywords":["obs"]}},"post":null,"source_url":"https:\/\/timeline-germany.de\/wp-content\/uploads\/2019\/10\/zdfinfo-mit-neuen-dokus-zum-klimawandel.jpg","_links":{"self":[{"href":"https:\/\/timeline-germany.de\/tr\/wp-json\/wp\/v2\/media\/5757","targetHints":{"allow":["GET"]}}],"collection":[{"href":"https:\/\/timeline-germany.de\/tr\/wp-json\/wp\/v2\/media"}],"about":[{"href":"https:\/\/timeline-germany.de\/tr\/wp-json\/wp\/v2\/types\/attachment"}],"replies":[{"embeddable":true,"href":"https:\/\/timeline-germany.de\/tr\/wp-json\/wp\/v2\/comments?post=5757"}]}}

Stürme und Überschwemmungen nehmen zu, wie hier im südindischen Kerala. Nutzung des Bildes nur in Verbindung mit der Sendung. Keine Rechte für Social Media / Weiterer Text über ots und www.presseportal.de/nr/105413 / Die Verwendung dieses Bildes ist für redaktionelle Zwecke honorarfrei. Veröffentlichung bitte unter Quellenangabe: "obs/ZDFinfo/Patrick Acum"
