{"id":6244,"date":"2019-11-12T03:03:30","date_gmt":"2019-11-12T03:03:30","guid":{"rendered":"http:\/\/timeline-germany.de\/wp-content\/uploads\/2019\/11\/20191111-ONA0001-1-1.jpg"},"modified":"2019-11-12T03:03:30","modified_gmt":"2019-11-12T03:03:30","slug":"20191111-ona0001-1-1","status":"inherit","type":"attachment","link":"https:\/\/timeline-germany.de\/tr\/20191111-ona0001-1-1","title":{"rendered":"20191111-ONA0001-1-1"},"author":0,"featured_media":0,"comment_status":"open","ping_status":"closed","template":"","meta":{"colormag_page_container_layout":"default_layout","colormag_page_sidebar_layout":"default_layout"},"class_list":["post-6244","attachment","type-attachment","status-inherit","hentry"],"aioseo_notices":[],"description":{"rendered":"<p class=\"attachment\"><a href='https:\/\/timeline-germany.de\/wp-content\/uploads\/2019\/11\/20191111-ONA0001-1-1.jpg'><img loading=\"lazy\" decoding=\"async\" width=\"300\" height=\"200\" src=\"https:\/\/timeline-germany.de\/wp-content\/uploads\/2019\/11\/20191111-ONA0001-1-1-300x200.jpg\" class=\"attachment-medium size-medium\" alt=\"\" srcset=\"https:\/\/timeline-germany.de\/wp-content\/uploads\/2019\/11\/20191111-ONA0001-1-1-300x200.jpg 300w, https:\/\/timeline-germany.de\/wp-content\/uploads\/2019\/11\/20191111-ONA0001-1-1.jpg 532w\" sizes=\"auto, (max-width: 300px) 100vw, 300px\" \/><\/a><\/p>\n"},"caption":{"rendered":""},"alt_text":"","media_type":"image","mime_type":"image\/jpeg","media_details":{"width":532,"height":355,"file":"2019\/11\/20191111-ONA0001-1-1.jpg","sizes":{"thumbnail":{"file":"20191111-ONA0001-1-1-150x150.jpg","width":150,"height":150,"mime_type":"image\/jpeg","source_url":"https:\/\/timeline-germany.de\/wp-content\/uploads\/2019\/11\/20191111-ONA0001-1-1-150x150.jpg"},"medium":{"file":"20191111-ONA0001-1-1-300x200.jpg","width":300,"height":200,"mime_type":"image\/jpeg","source_url":"https:\/\/timeline-germany.de\/wp-content\/uploads\/2019\/11\/20191111-ONA0001-1-1-300x200.jpg"},"colormag-highlighted-post":{"file":"20191111-ONA0001-1-1-392x272.jpg","width":392,"height":272,"mime_type":"image\/jpeg","source_url":"https:\/\/timeline-germany.de\/wp-content\/uploads\/2019\/11\/20191111-ONA0001-1-1-392x272.jpg"},"colormag-featured-post-medium":{"file":"20191111-ONA0001-1-1-390x205.jpg","width":390,"height":205,"mime_type":"image\/jpeg","source_url":"https:\/\/timeline-germany.de\/wp-content\/uploads\/2019\/11\/20191111-ONA0001-1-1-390x205.jpg"},"colormag-featured-post-small":{"file":"20191111-ONA0001-1-1-130x90.jpg","width":130,"height":90,"mime_type":"image\/jpeg","source_url":"https:\/\/timeline-germany.de\/wp-content\/uploads\/2019\/11\/20191111-ONA0001-1-1-130x90.jpg"},"full":{"file":"20191111-ONA0001-1-1.jpg","width":532,"height":355,"mime_type":"image\/jpeg","source_url":"https:\/\/timeline-germany.de\/wp-content\/uploads\/2019\/11\/20191111-ONA0001-1-1.jpg"}},"image_meta":{"aperture":"0","credit":"","camera":"","caption":"Am Sonntag luden Direktor Hans-Peter Wipplinger und Verena Gamper, Leiterin des Egon Schiele Dokumentationszentrums im Leopold Museum, zum dritten Egon Schiele gewidmeten Symposium. Im Rahmen der ganzt\u00e4gigen Veranstaltung n\u00e4herten sich namhafte internationale wie \u00f6sterreichische Vortragende dem Werk und Wirken von Egon Schiele aus unterschiedlichen Perspektiven.","created_timestamp":"0","copyright":"","focal_length":"0","iso":"0","shutter_speed":"0","title":"Mit Vortr\u00e4gen von Eric Kandel, Gemma Blackshaw, Elisabeth von Samsonow u.\na.","orientation":"0","keywords":["Wissenschaft"]}},"post":null,"source_url":"https:\/\/timeline-germany.de\/wp-content\/uploads\/2019\/11\/20191111-ONA0001-1-1.jpg","_links":{"self":[{"href":"https:\/\/timeline-germany.de\/tr\/wp-json\/wp\/v2\/media\/6244","targetHints":{"allow":["GET"]}}],"collection":[{"href":"https:\/\/timeline-germany.de\/tr\/wp-json\/wp\/v2\/media"}],"about":[{"href":"https:\/\/timeline-germany.de\/tr\/wp-json\/wp\/v2\/types\/attachment"}],"replies":[{"embeddable":true,"href":"https:\/\/timeline-germany.de\/tr\/wp-json\/wp\/v2\/comments?post=6244"}]}}

Am Sonntag luden Direktor Hans-Peter Wipplinger und Verena Gamper, Leiterin des Egon Schiele Dokumentationszentrums im Leopold Museum, zum dritten Egon Schiele gewidmeten Symposium. Im Rahmen der ganztägigen Veranstaltung näherten sich namhafte internationale wie österreichische Vortragende dem Werk und Wirken von Egon Schiele aus unterschiedlichen Perspektiven.

Mit Vorträgen von Eric Kandel, Gemma Blackshaw, Elisabeth von Samsonow u.
a.
