{"id":7644,"date":"2020-01-03T03:02:55","date_gmt":"2020-01-03T03:02:55","guid":{"rendered":"http:\/\/timeline-germany.de\/wp-content\/uploads\/2020\/01\/1_Betrifft_Alpenrausch_im_Klimawandel.jpg"},"modified":"2020-01-03T03:02:55","modified_gmt":"2020-01-03T03:02:55","slug":"1_betrifft_alpenrausch_im_klimawandel","status":"inherit","type":"attachment","link":"https:\/\/timeline-germany.de\/tr\/1_betrifft_alpenrausch_im_klimawandel","title":{"rendered":"1_Betrifft_Alpenrausch_im_Klimawandel"},"author":0,"featured_media":0,"comment_status":"open","ping_status":"closed","template":"","meta":{"colormag_page_container_layout":"default_layout","colormag_page_sidebar_layout":"default_layout"},"class_list":["post-7644","attachment","type-attachment","status-inherit","hentry"],"aioseo_notices":[],"description":{"rendered":"<p class=\"attachment\"><a href='https:\/\/timeline-germany.de\/wp-content\/uploads\/2020\/01\/1_Betrifft_Alpenrausch_im_Klimawandel.jpg'><img loading=\"lazy\" decoding=\"async\" width=\"300\" height=\"168\" src=\"https:\/\/timeline-germany.de\/wp-content\/uploads\/2020\/01\/1_Betrifft_Alpenrausch_im_Klimawandel-300x168.jpg\" class=\"attachment-medium size-medium\" alt=\"\" srcset=\"https:\/\/timeline-germany.de\/wp-content\/uploads\/2020\/01\/1_Betrifft_Alpenrausch_im_Klimawandel-300x168.jpg 300w, https:\/\/timeline-germany.de\/wp-content\/uploads\/2020\/01\/1_Betrifft_Alpenrausch_im_Klimawandel.jpg 634w\" sizes=\"auto, (max-width: 300px) 100vw, 300px\" \/><\/a><\/p>\n"},"caption":{"rendered":""},"alt_text":"","media_type":"image","mime_type":"image\/jpeg","media_details":{"width":634,"height":355,"file":"2020\/01\/1_Betrifft_Alpenrausch_im_Klimawandel.jpg","sizes":{"thumbnail":{"file":"1_Betrifft_Alpenrausch_im_Klimawandel-150x150.jpg","width":150,"height":150,"mime_type":"image\/jpeg","source_url":"https:\/\/timeline-germany.de\/wp-content\/uploads\/2020\/01\/1_Betrifft_Alpenrausch_im_Klimawandel-150x150.jpg"},"medium":{"file":"1_Betrifft_Alpenrausch_im_Klimawandel-300x168.jpg","width":300,"height":168,"mime_type":"image\/jpeg","source_url":"https:\/\/timeline-germany.de\/wp-content\/uploads\/2020\/01\/1_Betrifft_Alpenrausch_im_Klimawandel-300x168.jpg"},"colormag-highlighted-post":{"file":"1_Betrifft_Alpenrausch_im_Klimawandel-392x272.jpg","width":392,"height":272,"mime_type":"image\/jpeg","source_url":"https:\/\/timeline-germany.de\/wp-content\/uploads\/2020\/01\/1_Betrifft_Alpenrausch_im_Klimawandel-392x272.jpg"},"colormag-featured-post-medium":{"file":"1_Betrifft_Alpenrausch_im_Klimawandel-390x205.jpg","width":390,"height":205,"mime_type":"image\/jpeg","source_url":"https:\/\/timeline-germany.de\/wp-content\/uploads\/2020\/01\/1_Betrifft_Alpenrausch_im_Klimawandel-390x205.jpg"},"colormag-featured-post-small":{"file":"1_Betrifft_Alpenrausch_im_Klimawandel-130x90.jpg","width":130,"height":90,"mime_type":"image\/jpeg","source_url":"https:\/\/timeline-germany.de\/wp-content\/uploads\/2020\/01\/1_Betrifft_Alpenrausch_im_Klimawandel-130x90.jpg"},"full":{"file":"1_Betrifft_Alpenrausch_im_Klimawandel.jpg","width":634,"height":355,"mime_type":"image\/jpeg","source_url":"https:\/\/timeline-germany.de\/wp-content\/uploads\/2020\/01\/1_Betrifft_Alpenrausch_im_Klimawandel.jpg"}},"image_meta":{"aperture":"0","credit":"SWR","camera":"","caption":"SWR Fernsehen BETRIFFT, \"Alpenrausch und Gr\u00f6\u00dfenwahn - Wer stoppt den Ausverkauf der Berge?\", am Mittwoch (08.01.20) um 20:15 Uhr.\nSkifahren im Gr\u00fcnen: Mitte Oktober er\u00f6ffnet Kitzb\u00fchel seine ersten Pisten.\nSkifahren auf Kunstschnee bei 20 Grad zur Saisoner\u00f6ffnung.\n\u00a9 SWR, honorarfrei - Verwendung gem\u00e4\u00df der AGB im engen inhaltlichen, redaktionellen Zusammenhang mit genannter SWR-Sendung bei Nennung \"Bild: SWR\" (S2+). SWR-Presse\/Bildkommunikation, Baden-Baden, Tel: 07221\/929-23876, foto@swr.de Weiterer Text \u00fcber ots und www.presseportal.de\/nr\/7169 \/ Die Verwendung dieses Bildes ist f\u00fcr redaktionelle Zwecke honorarfrei. Ver\u00f6ffentlichung bitte unter Quellenangabe: \"obs\/SWR - S\u00fcdwestrundfunk\"","created_timestamp":"0","copyright":"","focal_length":"0","iso":"0","shutter_speed":"0","title":"betrifft","orientation":"0","keywords":["obs"]}},"post":null,"source_url":"https:\/\/timeline-germany.de\/wp-content\/uploads\/2020\/01\/1_Betrifft_Alpenrausch_im_Klimawandel.jpg","_links":{"self":[{"href":"https:\/\/timeline-germany.de\/tr\/wp-json\/wp\/v2\/media\/7644","targetHints":{"allow":["GET"]}}],"collection":[{"href":"https:\/\/timeline-germany.de\/tr\/wp-json\/wp\/v2\/media"}],"about":[{"href":"https:\/\/timeline-germany.de\/tr\/wp-json\/wp\/v2\/types\/attachment"}],"replies":[{"embeddable":true,"href":"https:\/\/timeline-germany.de\/tr\/wp-json\/wp\/v2\/comments?post=7644"}]}}

SWR Fernsehen BETRIFFT, "Alpenrausch und Größenwahn - Wer stoppt den Ausverkauf der Berge?", am Mittwoch (08.01.20) um 20:15 Uhr.
Skifahren im Grünen: Mitte Oktober eröffnet Kitzbühel seine ersten Pisten.
Skifahren auf Kunstschnee bei 20 Grad zur Saisoneröffnung.
© SWR, honorarfrei - Verwendung gemäß der AGB im engen inhaltlichen, redaktionellen Zusammenhang mit genannter SWR-Sendung bei Nennung "Bild: SWR" (S2+). SWR-Presse/Bildkommunikation, Baden-Baden, Tel: 07221/929-23876, foto@swr.de Weiterer Text über ots und www.presseportal.de/nr/7169 / Die Verwendung dieses Bildes ist für redaktionelle Zwecke honorarfrei. Veröffentlichung bitte unter Quellenangabe: "obs/SWR - Südwestrundfunk"
