{"id":7770,"date":"2020-01-09T03:02:51","date_gmt":"2020-01-09T03:02:51","guid":{"rendered":"http:\/\/timeline-germany.de\/wp-content\/uploads\/2020\/01\/Mondbasis28c29_ESA.jpg"},"modified":"2020-01-09T03:02:51","modified_gmt":"2020-01-09T03:02:51","slug":"mondbasis28c29_esa","status":"inherit","type":"attachment","link":"https:\/\/timeline-germany.de\/tr\/mondbasis28c29_esa","title":{"rendered":"Mondbasis28c29_ESA"},"author":0,"featured_media":0,"comment_status":"open","ping_status":"closed","template":"","meta":{"colormag_page_container_layout":"default_layout","colormag_page_sidebar_layout":"default_layout"},"class_list":["post-7770","attachment","type-attachment","status-inherit","hentry"],"aioseo_notices":[],"description":{"rendered":"<p class=\"attachment\"><a href='https:\/\/timeline-germany.de\/wp-content\/uploads\/2020\/01\/Mondbasis28c29_ESA.jpg'><img loading=\"lazy\" decoding=\"async\" width=\"300\" height=\"169\" src=\"https:\/\/timeline-germany.de\/wp-content\/uploads\/2020\/01\/Mondbasis28c29_ESA-300x169.jpg\" class=\"attachment-medium size-medium\" alt=\"\" srcset=\"https:\/\/timeline-germany.de\/wp-content\/uploads\/2020\/01\/Mondbasis28c29_ESA-300x169.jpg 300w, https:\/\/timeline-germany.de\/wp-content\/uploads\/2020\/01\/Mondbasis28c29_ESA.jpg 631w\" sizes=\"auto, (max-width: 300px) 100vw, 300px\" \/><\/a><\/p>\n"},"caption":{"rendered":""},"alt_text":"","media_type":"image","mime_type":"image\/jpeg","media_details":{"width":631,"height":355,"file":"2020\/01\/Mondbasis28c29_ESA.jpg","sizes":{"thumbnail":{"file":"Mondbasis28c29_ESA-150x150.jpg","width":150,"height":150,"mime_type":"image\/jpeg","source_url":"https:\/\/timeline-germany.de\/wp-content\/uploads\/2020\/01\/Mondbasis28c29_ESA-150x150.jpg"},"medium":{"file":"Mondbasis28c29_ESA-300x169.jpg","width":300,"height":169,"mime_type":"image\/jpeg","source_url":"https:\/\/timeline-germany.de\/wp-content\/uploads\/2020\/01\/Mondbasis28c29_ESA-300x169.jpg"},"colormag-highlighted-post":{"file":"Mondbasis28c29_ESA-392x272.jpg","width":392,"height":272,"mime_type":"image\/jpeg","source_url":"https:\/\/timeline-germany.de\/wp-content\/uploads\/2020\/01\/Mondbasis28c29_ESA-392x272.jpg"},"colormag-featured-post-medium":{"file":"Mondbasis28c29_ESA-390x205.jpg","width":390,"height":205,"mime_type":"image\/jpeg","source_url":"https:\/\/timeline-germany.de\/wp-content\/uploads\/2020\/01\/Mondbasis28c29_ESA-390x205.jpg"},"colormag-featured-post-small":{"file":"Mondbasis28c29_ESA-130x90.jpg","width":130,"height":90,"mime_type":"image\/jpeg","source_url":"https:\/\/timeline-germany.de\/wp-content\/uploads\/2020\/01\/Mondbasis28c29_ESA-130x90.jpg"},"full":{"file":"Mondbasis28c29_ESA.jpg","width":631,"height":355,"mime_type":"image\/jpeg","source_url":"https:\/\/timeline-germany.de\/wp-content\/uploads\/2020\/01\/Mondbasis28c29_ESA.jpg"}},"image_meta":{"aperture":"0","credit":"OHB SE","camera":"","caption":"Das Moon Village: so k\u00f6nnte nach einem Entwurf der Europ\u00e4ischen Raumfahrtagentur ESA eine k\u00fcnftige Mondbasis aussehen. Weiterer Text \u00fcber ots und www.presseportal.de\/nr\/69441 \/ Die Verwendung dieses Bildes ist f\u00fcr redaktionelle Zwecke honorarfrei. Ver\u00f6ffentlichung bitte unter Quellenangabe: \"obs\/OHB SE\/\u00a9ESA\"","created_timestamp":"0","copyright":"","focal_length":"0","iso":"0","shutter_speed":"0","title":"Die 20er Jahre werden ein Jahrzehnt der Raumfahrt","orientation":"0","keywords":["Forschung","Wissenschaft","Technologie","Raumfahrt","Industrie","Luftverkehr","ExoMars"]}},"post":null,"source_url":"https:\/\/timeline-germany.de\/wp-content\/uploads\/2020\/01\/Mondbasis28c29_ESA.jpg","_links":{"self":[{"href":"https:\/\/timeline-germany.de\/tr\/wp-json\/wp\/v2\/media\/7770","targetHints":{"allow":["GET"]}}],"collection":[{"href":"https:\/\/timeline-germany.de\/tr\/wp-json\/wp\/v2\/media"}],"about":[{"href":"https:\/\/timeline-germany.de\/tr\/wp-json\/wp\/v2\/types\/attachment"}],"replies":[{"embeddable":true,"href":"https:\/\/timeline-germany.de\/tr\/wp-json\/wp\/v2\/comments?post=7770"}]}}

Das Moon Village: so könnte nach einem Entwurf der Europäischen Raumfahrtagentur ESA eine künftige Mondbasis aussehen. Weiterer Text über ots und www.presseportal.de/nr/69441 / Die Verwendung dieses Bildes ist für redaktionelle Zwecke honorarfrei. Veröffentlichung bitte unter Quellenangabe: "obs/OHB SE/©ESA"
