{"id":7903,"date":"2020-01-15T03:03:36","date_gmt":"2020-01-15T03:03:36","guid":{"rendered":"http:\/\/timeline-germany.de\/wp-content\/uploads\/2020\/01\/GD_DTB_PK_final.jpg"},"modified":"2020-01-15T03:03:36","modified_gmt":"2020-01-15T03:03:36","slug":"gd_dtb_pk_final","status":"inherit","type":"attachment","link":"https:\/\/timeline-germany.de\/tr\/gd_dtb_pk_final","title":{"rendered":"GD_DTB_PK_final"},"author":0,"featured_media":0,"comment_status":"open","ping_status":"closed","template":"","meta":{"colormag_page_container_layout":"default_layout","colormag_page_sidebar_layout":"default_layout"},"class_list":["post-7903","attachment","type-attachment","status-inherit","hentry"],"aioseo_notices":[],"description":{"rendered":"<p class=\"attachment\"><a href='https:\/\/timeline-germany.de\/wp-content\/uploads\/2020\/01\/GD_DTB_PK_final.jpg'><img loading=\"lazy\" decoding=\"async\" width=\"211\" height=\"300\" src=\"https:\/\/timeline-germany.de\/wp-content\/uploads\/2020\/01\/GD_DTB_PK_final-211x300.jpg\" class=\"attachment-medium size-medium\" alt=\"\" srcset=\"https:\/\/timeline-germany.de\/wp-content\/uploads\/2020\/01\/GD_DTB_PK_final-211x300.jpg 211w, https:\/\/timeline-germany.de\/wp-content\/uploads\/2020\/01\/GD_DTB_PK_final.jpg 250w\" sizes=\"auto, (max-width: 211px) 100vw, 211px\" \/><\/a><\/p>\n"},"caption":{"rendered":""},"alt_text":"","media_type":"image","mime_type":"image\/jpeg","media_details":{"width":250,"height":355,"file":"2020\/01\/GD_DTB_PK_final.jpg","sizes":{"thumbnail":{"file":"GD_DTB_PK_final-150x150.jpg","width":150,"height":150,"mime_type":"image\/jpeg","source_url":"https:\/\/timeline-germany.de\/wp-content\/uploads\/2020\/01\/GD_DTB_PK_final-150x150.jpg"},"medium":{"file":"GD_DTB_PK_final-211x300.jpg","width":211,"height":300,"mime_type":"image\/jpeg","source_url":"https:\/\/timeline-germany.de\/wp-content\/uploads\/2020\/01\/GD_DTB_PK_final-211x300.jpg"},"colormag-highlighted-post":{"file":"GD_DTB_PK_final-250x272.jpg","width":250,"height":272,"mime_type":"image\/jpeg","source_url":"https:\/\/timeline-germany.de\/wp-content\/uploads\/2020\/01\/GD_DTB_PK_final-250x272.jpg"},"colormag-featured-post-medium":{"file":"GD_DTB_PK_final-250x205.jpg","width":250,"height":205,"mime_type":"image\/jpeg","source_url":"https:\/\/timeline-germany.de\/wp-content\/uploads\/2020\/01\/GD_DTB_PK_final-250x205.jpg"},"colormag-featured-post-small":{"file":"GD_DTB_PK_final-130x90.jpg","width":130,"height":90,"mime_type":"image\/jpeg","source_url":"https:\/\/timeline-germany.de\/wp-content\/uploads\/2020\/01\/GD_DTB_PK_final-130x90.jpg"},"full":{"file":"GD_DTB_PK_final.jpg","width":250,"height":355,"mime_type":"image\/jpeg","source_url":"https:\/\/timeline-germany.de\/wp-content\/uploads\/2020\/01\/GD_DTB_PK_final.jpg"}},"image_meta":{"aperture":"0","credit":"EMOTION.creative","camera":"","caption":"Tennis f\u00fcr alle: Deutscher Tennis Bund und Generali schlie\u00dfen Kooperationsvertrag auf drei Jahre\nDie Verwendung des Bildes ist f\u00fcr redaktionelle Zwecke honorarfrei. Ver\u00f6ffentlichungen bitte unter Quellenangabe GENERALI. Weiterer Text \u00fcber ots und www.presseportal.de\/nr\/140121 \/ Die Verwendung dieses Bildes ist f\u00fcr redaktionelle Zwecke honorarfrei. Ver\u00f6ffentlichung bitte unter Quellenangabe: \"obs\/EMOTION.creative\"","created_timestamp":"0","copyright":"","focal_length":"0","iso":"0","shutter_speed":"0","title":"DTB und Generali schlie\u00dfen Kooperationsvertrag","orientation":"0","keywords":["Sponsoring","Kooperation","Tennis","Versicherung","Freizeit","Gesundheit","Verb\u00e4nde"]}},"post":null,"source_url":"https:\/\/timeline-germany.de\/wp-content\/uploads\/2020\/01\/GD_DTB_PK_final.jpg","_links":{"self":[{"href":"https:\/\/timeline-germany.de\/tr\/wp-json\/wp\/v2\/media\/7903","targetHints":{"allow":["GET"]}}],"collection":[{"href":"https:\/\/timeline-germany.de\/tr\/wp-json\/wp\/v2\/media"}],"about":[{"href":"https:\/\/timeline-germany.de\/tr\/wp-json\/wp\/v2\/types\/attachment"}],"replies":[{"embeddable":true,"href":"https:\/\/timeline-germany.de\/tr\/wp-json\/wp\/v2\/comments?post=7903"}]}}

Tennis für alle: Deutscher Tennis Bund und Generali schließen Kooperationsvertrag auf drei Jahre
Die Verwendung des Bildes ist für redaktionelle Zwecke honorarfrei. Veröffentlichungen bitte unter Quellenangabe GENERALI. Weiterer Text über ots und www.presseportal.de/nr/140121 / Die Verwendung dieses Bildes ist für redaktionelle Zwecke honorarfrei. Veröffentlichung bitte unter Quellenangabe: "obs/EMOTION.creative"

DTB und Generali schließen Kooperationsvertrag

Verbände
