{"id":7939,"date":"2020-01-17T03:02:52","date_gmt":"2020-01-17T03:02:52","guid":{"rendered":"http:\/\/timeline-germany.de\/wp-content\/uploads\/2020\/01\/burkina-faso-schueler-im-visier-der-terroristen.jpg"},"modified":"2020-01-17T03:02:52","modified_gmt":"2020-01-17T03:02:52","slug":"burkina-faso-schueler-im-visier-der-terroristen-2","status":"inherit","type":"attachment","link":"https:\/\/timeline-germany.de\/tr\/burkina-faso-schueler-im-visier-der-terroristen-2","title":{"rendered":"burkina-faso-schueler-im-visier-der-terroristen"},"author":0,"featured_media":0,"comment_status":"open","ping_status":"closed","template":"","meta":{"colormag_page_container_layout":"default_layout","colormag_page_sidebar_layout":"default_layout"},"class_list":["post-7939","attachment","type-attachment","status-inherit","hentry"],"aioseo_notices":[],"description":{"rendered":"<p class=\"attachment\"><a href='https:\/\/timeline-germany.de\/wp-content\/uploads\/2020\/01\/burkina-faso-schueler-im-visier-der-terroristen.jpg'><img loading=\"lazy\" decoding=\"async\" width=\"300\" height=\"200\" src=\"https:\/\/timeline-germany.de\/wp-content\/uploads\/2020\/01\/burkina-faso-schueler-im-visier-der-terroristen-300x200.jpg\" class=\"attachment-medium size-medium\" alt=\"\" srcset=\"https:\/\/timeline-germany.de\/wp-content\/uploads\/2020\/01\/burkina-faso-schueler-im-visier-der-terroristen-300x200.jpg 300w, https:\/\/timeline-germany.de\/wp-content\/uploads\/2020\/01\/burkina-faso-schueler-im-visier-der-terroristen.jpg 630w\" sizes=\"auto, (max-width: 300px) 100vw, 300px\" \/><\/a><\/p>\n"},"caption":{"rendered":""},"alt_text":"","media_type":"image","mime_type":"image\/jpeg","media_details":{"width":630,"height":420,"file":"2020\/01\/burkina-faso-schueler-im-visier-der-terroristen.jpg","sizes":{"thumbnail":{"file":"burkina-faso-schueler-im-visier-der-terroristen-150x150.jpg","width":150,"height":150,"mime_type":"image\/jpeg","source_url":"https:\/\/timeline-germany.de\/wp-content\/uploads\/2020\/01\/burkina-faso-schueler-im-visier-der-terroristen-150x150.jpg"},"medium":{"file":"burkina-faso-schueler-im-visier-der-terroristen-300x200.jpg","width":300,"height":200,"mime_type":"image\/jpeg","source_url":"https:\/\/timeline-germany.de\/wp-content\/uploads\/2020\/01\/burkina-faso-schueler-im-visier-der-terroristen-300x200.jpg"},"colormag-highlighted-post":{"file":"burkina-faso-schueler-im-visier-der-terroristen-392x272.jpg","width":392,"height":272,"mime_type":"image\/jpeg","source_url":"https:\/\/timeline-germany.de\/wp-content\/uploads\/2020\/01\/burkina-faso-schueler-im-visier-der-terroristen-392x272.jpg"},"colormag-featured-post-medium":{"file":"burkina-faso-schueler-im-visier-der-terroristen-390x205.jpg","width":390,"height":205,"mime_type":"image\/jpeg","source_url":"https:\/\/timeline-germany.de\/wp-content\/uploads\/2020\/01\/burkina-faso-schueler-im-visier-der-terroristen-390x205.jpg"},"colormag-featured-post-small":{"file":"burkina-faso-schueler-im-visier-der-terroristen-130x90.jpg","width":130,"height":90,"mime_type":"image\/jpeg","source_url":"https:\/\/timeline-germany.de\/wp-content\/uploads\/2020\/01\/burkina-faso-schueler-im-visier-der-terroristen-130x90.jpg"},"full":{"file":"burkina-faso-schueler-im-visier-der-terroristen.jpg","width":630,"height":420,"mime_type":"image\/jpeg","source_url":"https:\/\/timeline-germany.de\/wp-content\/uploads\/2020\/01\/burkina-faso-schueler-im-visier-der-terroristen.jpg"}},"image_meta":{"aperture":"0","credit":"SOS-Kinderd\u00f6rfer weltweit","camera":"","caption":"In der Sahelzone ist der Schulbesuch lebensgef\u00e4hrlich. Nach Angaben der SOS-Kinderd\u00f6rfer brennen Terroristen in den westafrikanischen Krisenstaaten immer h\u00e4ufiger Schulgeb\u00e4ude nieder und attackieren gezielt Sch\u00fcler und Personal. Insgesamt habe sich die Zahl der Menschen, die durch Terrorangriffe in Burkina Faso, Mali und Niger ums Leben kamen, seit 2016 mehr als verf\u00fcnffacht: von 770 Toten im Jahr 2016 auf 4000 in 2019. Auch in Mali sei aufgrund der Gefahr der Betrieb in mehr als 1000 Schulen und in Niger (FOTO) in etwa 100 Schulen eingestellt worden. Zusammengenommen wurden 2019 in den drei L\u00e4ndern f\u00fcnfmal so viele Schulen geschlossen wie 2017. Weiterer Text \u00fcber ots und www.presseportal.de\/nr\/1658 \/ Die Verwendung dieses Bildes ist f\u00fcr redaktionelle Zwecke honorarfrei. Ver\u00f6ffentlichung bitte unter Quellenangabe: \"obs\/SOS-Kinderd\u00f6rfer weltweit\/Luise Aedtner\"","created_timestamp":"0","copyright":"luise.aedtner photography","focal_length":"0","iso":"0","shutter_speed":"0","title":"Burkina Faso: Sch\u00fcler im Visier der Terroristen","orientation":"0","keywords":["Terrorismus","Schule","Kinder","Gesellschaft","Soziales","Hilfsorganisation","Westafrika"]}},"post":null,"source_url":"https:\/\/timeline-germany.de\/wp-content\/uploads\/2020\/01\/burkina-faso-schueler-im-visier-der-terroristen.jpg","_links":{"self":[{"href":"https:\/\/timeline-germany.de\/tr\/wp-json\/wp\/v2\/media\/7939","targetHints":{"allow":["GET"]}}],"collection":[{"href":"https:\/\/timeline-germany.de\/tr\/wp-json\/wp\/v2\/media"}],"about":[{"href":"https:\/\/timeline-germany.de\/tr\/wp-json\/wp\/v2\/types\/attachment"}],"replies":[{"embeddable":true,"href":"https:\/\/timeline-germany.de\/tr\/wp-json\/wp\/v2\/comments?post=7939"}]}}

SOS-Kinderdörfer weltweit

In der Sahelzone ist der Schulbesuch lebensgefährlich. Nach Angaben der SOS-Kinderdörfer brennen Terroristen in den westafrikanischen Krisenstaaten immer häufiger Schulgebäude nieder und attackieren gezielt Schüler und Personal. Insgesamt habe sich die Zahl der Menschen, die durch Terrorangriffe in Burkina Faso, Mali und Niger ums Leben kamen, seit 2016 mehr als verfünffacht: von 770 Toten im Jahr 2016 auf 4000 in 2019. Auch in Mali sei aufgrund der Gefahr der Betrieb in mehr als 1000 Schulen und in Niger (FOTO) in etwa 100 Schulen eingestellt worden. Zusammengenommen wurden 2019 in den drei Ländern fünfmal so viele Schulen geschlossen wie 2017. Weiterer Text über ots und www.presseportal.de/nr/1658 / Die Verwendung dieses Bildes ist für redaktionelle Zwecke honorarfrei. Veröffentlichung bitte unter Quellenangabe: "obs/SOS-Kinderdörfer weltweit/Luise Aedtner"

Burkina Faso: Schüler im Visier der Terroristen
