{"id":8116,"date":"2020-01-24T03:03:00","date_gmt":"2020-01-24T03:03:00","guid":{"rendered":"http:\/\/timeline-germany.de\/wp-content\/uploads\/2020\/01\/20200123-ONA0004-1-1.jpg"},"modified":"2020-01-24T03:03:00","modified_gmt":"2020-01-24T03:03:00","slug":"20200123-ona0004-1-1","status":"inherit","type":"attachment","link":"https:\/\/timeline-germany.de\/tr\/20200123-ona0004-1-1","title":{"rendered":"20200123-ONA0004-1-1"},"author":0,"featured_media":0,"comment_status":"open","ping_status":"closed","template":"","meta":{"colormag_page_container_layout":"default_layout","colormag_page_sidebar_layout":"default_layout"},"class_list":["post-8116","attachment","type-attachment","status-inherit","hentry"],"aioseo_notices":[],"description":{"rendered":"<p class=\"attachment\"><a href='https:\/\/timeline-germany.de\/wp-content\/uploads\/2020\/01\/20200123-ONA0004-1-1.jpg'><img loading=\"lazy\" decoding=\"async\" width=\"300\" height=\"219\" src=\"https:\/\/timeline-germany.de\/wp-content\/uploads\/2020\/01\/20200123-ONA0004-1-1-300x219.jpg\" class=\"attachment-medium size-medium\" alt=\"\" srcset=\"https:\/\/timeline-germany.de\/wp-content\/uploads\/2020\/01\/20200123-ONA0004-1-1-300x219.jpg 300w, https:\/\/timeline-germany.de\/wp-content\/uploads\/2020\/01\/20200123-ONA0004-1-1.jpg 487w\" sizes=\"auto, (max-width: 300px) 100vw, 300px\" \/><\/a><\/p>\n"},"caption":{"rendered":""},"alt_text":"","media_type":"image","mime_type":"image\/jpeg","media_details":{"width":487,"height":355,"file":"2020\/01\/20200123-ONA0004-1-1.jpg","sizes":{"thumbnail":{"file":"20200123-ONA0004-1-1-150x150.jpg","width":150,"height":150,"mime_type":"image\/jpeg","source_url":"https:\/\/timeline-germany.de\/wp-content\/uploads\/2020\/01\/20200123-ONA0004-1-1-150x150.jpg"},"medium":{"file":"20200123-ONA0004-1-1-300x219.jpg","width":300,"height":219,"mime_type":"image\/jpeg","source_url":"https:\/\/timeline-germany.de\/wp-content\/uploads\/2020\/01\/20200123-ONA0004-1-1-300x219.jpg"},"colormag-highlighted-post":{"file":"20200123-ONA0004-1-1-392x272.jpg","width":392,"height":272,"mime_type":"image\/jpeg","source_url":"https:\/\/timeline-germany.de\/wp-content\/uploads\/2020\/01\/20200123-ONA0004-1-1-392x272.jpg"},"colormag-featured-post-medium":{"file":"20200123-ONA0004-1-1-390x205.jpg","width":390,"height":205,"mime_type":"image\/jpeg","source_url":"https:\/\/timeline-germany.de\/wp-content\/uploads\/2020\/01\/20200123-ONA0004-1-1-390x205.jpg"},"colormag-featured-post-small":{"file":"20200123-ONA0004-1-1-130x90.jpg","width":130,"height":90,"mime_type":"image\/jpeg","source_url":"https:\/\/timeline-germany.de\/wp-content\/uploads\/2020\/01\/20200123-ONA0004-1-1-130x90.jpg"},"full":{"file":"20200123-ONA0004-1-1.jpg","width":487,"height":355,"mime_type":"image\/jpeg","source_url":"https:\/\/timeline-germany.de\/wp-content\/uploads\/2020\/01\/20200123-ONA0004-1-1.jpg"}},"image_meta":{"aperture":"0","credit":"","camera":"","caption":"Die Kitzb\u00fcheler Alpenrallye, eine der bekanntesten und sch\u00f6nsten Classic-Car-Veranstaltungen, lockt seit 33 Jahren Teilnehmer und Oldtimer-Fans aus ganz Europa in die Hahnenkammstadt: von 3. bis 6. Juni 2020 geht die Traditionsrallye auf den sch\u00f6nsten Alpenstra\u00dfen in Tirol, Salzburg und Bayern \u00fcber die B\u00fchne \u2013 erstmals wird das Karwendelgebirge umrundet.","created_timestamp":"0","copyright":"","focal_length":"0","iso":"0","shutter_speed":"0","title":"33. Kitzb\u00fcheler Alpenrallye: 3. bis 6. Juni 2020","orientation":"0","keywords":["Auto"]}},"post":null,"source_url":"https:\/\/timeline-germany.de\/wp-content\/uploads\/2020\/01\/20200123-ONA0004-1-1.jpg","_links":{"self":[{"href":"https:\/\/timeline-germany.de\/tr\/wp-json\/wp\/v2\/media\/8116","targetHints":{"allow":["GET"]}}],"collection":[{"href":"https:\/\/timeline-germany.de\/tr\/wp-json\/wp\/v2\/media"}],"about":[{"href":"https:\/\/timeline-germany.de\/tr\/wp-json\/wp\/v2\/types\/attachment"}],"replies":[{"embeddable":true,"href":"https:\/\/timeline-germany.de\/tr\/wp-json\/wp\/v2\/comments?post=8116"}]}}

Die Kitzbüheler Alpenrallye, eine der bekanntesten und schönsten Classic-Car-Veranstaltungen, lockt seit 33 Jahren Teilnehmer und Oldtimer-Fans aus ganz Europa in die Hahnenkammstadt: von 3. bis 6. Juni 2020 geht die Traditionsrallye auf den schönsten Alpenstraßen in Tirol, Salzburg und Bayern über die Bühne – erstmals wird das Karwendelgebirge umrundet.

33. Kitzbüheler Alpenrallye: 3. bis 6. Juni 2020
