{"id":9195,"date":"2020-04-09T03:03:05","date_gmt":"2020-04-09T03:03:05","guid":{"rendered":"http:\/\/timeline-germany.de\/wp-content\/uploads\/2020\/04\/Marcel_Office365.jpg"},"modified":"2020-04-09T03:03:05","modified_gmt":"2020-04-09T03:03:05","slug":"marcel_office365","status":"inherit","type":"attachment","link":"https:\/\/timeline-germany.de\/tr\/marcel_office365","title":{"rendered":"Marcel_Office365"},"author":0,"featured_media":0,"comment_status":"open","ping_status":"closed","template":"","meta":{"colormag_page_container_layout":"default_layout","colormag_page_sidebar_layout":"default_layout"},"class_list":["post-9195","attachment","type-attachment","status-inherit","hentry"],"aioseo_notices":[],"description":{"rendered":"<p class=\"attachment\"><a href='https:\/\/timeline-germany.de\/wp-content\/uploads\/2020\/04\/Marcel_Office365.jpg'><img loading=\"lazy\" decoding=\"async\" width=\"268\" height=\"300\" src=\"https:\/\/timeline-germany.de\/wp-content\/uploads\/2020\/04\/Marcel_Office365-268x300.jpg\" class=\"attachment-medium size-medium\" alt=\"\" srcset=\"https:\/\/timeline-germany.de\/wp-content\/uploads\/2020\/04\/Marcel_Office365-268x300.jpg 268w, https:\/\/timeline-germany.de\/wp-content\/uploads\/2020\/04\/Marcel_Office365.jpg 317w\" sizes=\"auto, (max-width: 268px) 100vw, 268px\" \/><\/a><\/p>\n"},"caption":{"rendered":""},"alt_text":"","media_type":"image","mime_type":"image\/jpeg","media_details":{"width":317,"height":355,"file":"2020\/04\/Marcel_Office365.jpg","sizes":{"thumbnail":{"file":"Marcel_Office365-150x150.jpg","width":150,"height":150,"mime_type":"image\/jpeg","source_url":"https:\/\/timeline-germany.de\/wp-content\/uploads\/2020\/04\/Marcel_Office365-150x150.jpg"},"medium":{"file":"Marcel_Office365-268x300.jpg","width":268,"height":300,"mime_type":"image\/jpeg","source_url":"https:\/\/timeline-germany.de\/wp-content\/uploads\/2020\/04\/Marcel_Office365-268x300.jpg"},"colormag-highlighted-post":{"file":"Marcel_Office365-317x272.jpg","width":317,"height":272,"mime_type":"image\/jpeg","source_url":"https:\/\/timeline-germany.de\/wp-content\/uploads\/2020\/04\/Marcel_Office365-317x272.jpg"},"colormag-featured-post-medium":{"file":"Marcel_Office365-317x205.jpg","width":317,"height":205,"mime_type":"image\/jpeg","source_url":"https:\/\/timeline-germany.de\/wp-content\/uploads\/2020\/04\/Marcel_Office365-317x205.jpg"},"colormag-featured-post-small":{"file":"Marcel_Office365-130x90.jpg","width":130,"height":90,"mime_type":"image\/jpeg","source_url":"https:\/\/timeline-germany.de\/wp-content\/uploads\/2020\/04\/Marcel_Office365-130x90.jpg"},"full":{"file":"Marcel_Office365.jpg","width":317,"height":355,"mime_type":"image\/jpeg","source_url":"https:\/\/timeline-germany.de\/wp-content\/uploads\/2020\/04\/Marcel_Office365.jpg"}},"image_meta":{"aperture":"0","credit":"H\u00f6cker Rechtsanw\u00e4lte","camera":"","caption":"Medienanwalt Marcel Leeser der K\u00f6lner Kanzlei H\u00f6cker. Weiterer Text \u00fcber ots und www.presseportal.de\/nr\/106075 \/ Die Verwendung dieses Bildes ist f\u00fcr redaktionelle Zwecke honorarfrei. Ver\u00f6ffentlichung bitte unter Quellenangabe: \"obs\/H\u00f6cker Rechtsanw\u00e4lte\/Kirstin G\u00fcnther\"","created_timestamp":"0","copyright":"","focal_length":"0","iso":"0","shutter_speed":"0","title":"Stellungnahme Elias Harris","orientation":"0","keywords":["Celebrities","Sport","Elias Harris","Stellungnahme","Brose Bamberg"]}},"post":null,"source_url":"https:\/\/timeline-germany.de\/wp-content\/uploads\/2020\/04\/Marcel_Office365.jpg","_links":{"self":[{"href":"https:\/\/timeline-germany.de\/tr\/wp-json\/wp\/v2\/media\/9195","targetHints":{"allow":["GET"]}}],"collection":[{"href":"https:\/\/timeline-germany.de\/tr\/wp-json\/wp\/v2\/media"}],"about":[{"href":"https:\/\/timeline-germany.de\/tr\/wp-json\/wp\/v2\/types\/attachment"}],"replies":[{"embeddable":true,"href":"https:\/\/timeline-germany.de\/tr\/wp-json\/wp\/v2\/comments?post=9195"}]}}

Höcker Rechtsanwälte

Medienanwalt Marcel Leeser der Kölner Kanzlei Höcker. Weiterer Text über ots und www.presseportal.de/nr/106075 / Die Verwendung dieses Bildes ist für redaktionelle Zwecke honorarfrei. Veröffentlichung bitte unter Quellenangabe: "obs/Höcker Rechtsanwälte/Kirstin Günther"
