{"id":9506,"date":"2020-05-06T03:02:51","date_gmt":"2020-05-06T03:02:51","guid":{"rendered":"http:\/\/timeline-germany.de\/wp-content\/uploads\/2020\/05\/PrC3BCfung2520an2520der2520SRH2520HS2520HD.jpg"},"modified":"2020-05-06T03:02:51","modified_gmt":"2020-05-06T03:02:51","slug":"prc3bcfung2520an2520der2520srh2520hs2520hd","status":"inherit","type":"attachment","link":"https:\/\/timeline-germany.de\/tr\/prc3bcfung2520an2520der2520srh2520hs2520hd","title":{"rendered":"PrC3BCfung2520an2520der2520SRH2520HS2520HD"},"author":0,"featured_media":0,"comment_status":"open","ping_status":"closed","template":"","meta":{"colormag_page_container_layout":"default_layout","colormag_page_sidebar_layout":"default_layout"},"class_list":["post-9506","attachment","type-attachment","status-inherit","hentry"],"aioseo_notices":[],"description":{"rendered":"<p class=\"attachment\"><a href='https:\/\/timeline-germany.de\/wp-content\/uploads\/2020\/05\/PrC3BCfung2520an2520der2520SRH2520HS2520HD.jpg'><img loading=\"lazy\" decoding=\"async\" width=\"300\" height=\"198\" src=\"https:\/\/timeline-germany.de\/wp-content\/uploads\/2020\/05\/PrC3BCfung2520an2520der2520SRH2520HS2520HD-300x198.jpg\" class=\"attachment-medium size-medium\" alt=\"\" srcset=\"https:\/\/timeline-germany.de\/wp-content\/uploads\/2020\/05\/PrC3BCfung2520an2520der2520SRH2520HS2520HD-300x198.jpg 300w, https:\/\/timeline-germany.de\/wp-content\/uploads\/2020\/05\/PrC3BCfung2520an2520der2520SRH2520HS2520HD.jpg 537w\" sizes=\"auto, (max-width: 300px) 100vw, 300px\" \/><\/a><\/p>\n"},"caption":{"rendered":""},"alt_text":"","media_type":"image","mime_type":"image\/jpeg","media_details":{"width":537,"height":355,"file":"2020\/05\/PrC3BCfung2520an2520der2520SRH2520HS2520HD.jpg","sizes":{"thumbnail":{"file":"PrC3BCfung2520an2520der2520SRH2520HS2520HD-150x150.jpg","width":150,"height":150,"mime_type":"image\/jpeg","source_url":"https:\/\/timeline-germany.de\/wp-content\/uploads\/2020\/05\/PrC3BCfung2520an2520der2520SRH2520HS2520HD-150x150.jpg"},"medium":{"file":"PrC3BCfung2520an2520der2520SRH2520HS2520HD-300x198.jpg","width":300,"height":198,"mime_type":"image\/jpeg","source_url":"https:\/\/timeline-germany.de\/wp-content\/uploads\/2020\/05\/PrC3BCfung2520an2520der2520SRH2520HS2520HD-300x198.jpg"},"colormag-highlighted-post":{"file":"PrC3BCfung2520an2520der2520SRH2520HS2520HD-392x272.jpg","width":392,"height":272,"mime_type":"image\/jpeg","source_url":"https:\/\/timeline-germany.de\/wp-content\/uploads\/2020\/05\/PrC3BCfung2520an2520der2520SRH2520HS2520HD-392x272.jpg"},"colormag-featured-post-medium":{"file":"PrC3BCfung2520an2520der2520SRH2520HS2520HD-390x205.jpg","width":390,"height":205,"mime_type":"image\/jpeg","source_url":"https:\/\/timeline-germany.de\/wp-content\/uploads\/2020\/05\/PrC3BCfung2520an2520der2520SRH2520HS2520HD-390x205.jpg"},"colormag-featured-post-small":{"file":"PrC3BCfung2520an2520der2520SRH2520HS2520HD-130x90.jpg","width":130,"height":90,"mime_type":"image\/jpeg","source_url":"https:\/\/timeline-germany.de\/wp-content\/uploads\/2020\/05\/PrC3BCfung2520an2520der2520SRH2520HS2520HD-130x90.jpg"},"full":{"file":"PrC3BCfung2520an2520der2520SRH2520HS2520HD.jpg","width":537,"height":355,"mime_type":"image\/jpeg","source_url":"https:\/\/timeline-germany.de\/wp-content\/uploads\/2020\/05\/PrC3BCfung2520an2520der2520SRH2520HS2520HD.jpg"}},"image_meta":{"aperture":"0","credit":"Christian Buck","camera":"","caption":"Alle f\u00fcnf Wochen eine zumeist praxisorientierte Pr\u00fcfung - die Studierenden an der SRH Hochschule Heidelberg sch\u00e4tzen im CHE Hochschulranking u.a. die zeitliche Verteilung der Pr\u00fcfungen.","created_timestamp":"0","copyright":"www.ch-buck.de","focal_length":"0","iso":"0","shutter_speed":"0","title":"","orientation":"0","keywords":[]}},"post":null,"source_url":"https:\/\/timeline-germany.de\/wp-content\/uploads\/2020\/05\/PrC3BCfung2520an2520der2520SRH2520HS2520HD.jpg","_links":{"self":[{"href":"https:\/\/timeline-germany.de\/tr\/wp-json\/wp\/v2\/media\/9506","targetHints":{"allow":["GET"]}}],"collection":[{"href":"https:\/\/timeline-germany.de\/tr\/wp-json\/wp\/v2\/media"}],"about":[{"href":"https:\/\/timeline-germany.de\/tr\/wp-json\/wp\/v2\/types\/attachment"}],"replies":[{"embeddable":true,"href":"https:\/\/timeline-germany.de\/tr\/wp-json\/wp\/v2\/comments?post=9506"}]}}

Alle fünf Wochen eine zumeist praxisorientierte Prüfung - die Studierenden an der SRH Hochschule Heidelberg schätzen im CHE Hochschulranking u.a. die zeitliche Verteilung der Prüfungen.
