{"id":9596,"date":"2020-05-13T03:05:09","date_gmt":"2020-05-13T03:05:09","guid":{"rendered":"http:\/\/timeline-germany.de\/wp-content\/uploads\/2020\/05\/20200512_ALDEBARAN_d7Eursion_IMG_4700.jpg"},"modified":"2020-05-13T03:05:09","modified_gmt":"2020-05-13T03:05:09","slug":"20200512_aldebaran_d7eursion_img_4700","status":"inherit","type":"attachment","link":"https:\/\/timeline-germany.de\/tr\/20200512_aldebaran_d7eursion_img_4700","title":{"rendered":"20200512_ALDEBARAN_d7Eursion_IMG_4700"},"author":0,"featured_media":0,"comment_status":"open","ping_status":"closed","template":"","meta":{"colormag_page_container_layout":"default_layout","colormag_page_sidebar_layout":"default_layout"},"class_list":["post-9596","attachment","type-attachment","status-inherit","hentry"],"aioseo_notices":[],"description":{"rendered":"<p class=\"attachment\"><a href='https:\/\/timeline-germany.de\/wp-content\/uploads\/2020\/05\/20200512_ALDEBARAN_d7Eursion_IMG_4700.jpg'><img loading=\"lazy\" decoding=\"async\" width=\"300\" height=\"225\" src=\"https:\/\/timeline-germany.de\/wp-content\/uploads\/2020\/05\/20200512_ALDEBARAN_d7Eursion_IMG_4700-300x225.jpg\" class=\"attachment-medium size-medium\" alt=\"\" srcset=\"https:\/\/timeline-germany.de\/wp-content\/uploads\/2020\/05\/20200512_ALDEBARAN_d7Eursion_IMG_4700-300x225.jpg 300w, https:\/\/timeline-germany.de\/wp-content\/uploads\/2020\/05\/20200512_ALDEBARAN_d7Eursion_IMG_4700.jpg 473w\" sizes=\"auto, (max-width: 300px) 100vw, 300px\" \/><\/a><\/p>\n"},"caption":{"rendered":""},"alt_text":"","media_type":"image","mime_type":"image\/jpeg","media_details":{"width":473,"height":355,"file":"2020\/05\/20200512_ALDEBARAN_d7Eursion_IMG_4700.jpg","sizes":{"thumbnail":{"file":"20200512_ALDEBARAN_d7Eursion_IMG_4700-150x150.jpg","width":150,"height":150,"mime_type":"image\/jpeg","source_url":"https:\/\/timeline-germany.de\/wp-content\/uploads\/2020\/05\/20200512_ALDEBARAN_d7Eursion_IMG_4700-150x150.jpg"},"medium":{"file":"20200512_ALDEBARAN_d7Eursion_IMG_4700-300x225.jpg","width":300,"height":225,"mime_type":"image\/jpeg","source_url":"https:\/\/timeline-germany.de\/wp-content\/uploads\/2020\/05\/20200512_ALDEBARAN_d7Eursion_IMG_4700-300x225.jpg"},"colormag-highlighted-post":{"file":"20200512_ALDEBARAN_d7Eursion_IMG_4700-392x272.jpg","width":392,"height":272,"mime_type":"image\/jpeg","source_url":"https:\/\/timeline-germany.de\/wp-content\/uploads\/2020\/05\/20200512_ALDEBARAN_d7Eursion_IMG_4700-392x272.jpg"},"colormag-featured-post-medium":{"file":"20200512_ALDEBARAN_d7Eursion_IMG_4700-390x205.jpg","width":390,"height":205,"mime_type":"image\/jpeg","source_url":"https:\/\/timeline-germany.de\/wp-content\/uploads\/2020\/05\/20200512_ALDEBARAN_d7Eursion_IMG_4700-390x205.jpg"},"colormag-featured-post-small":{"file":"20200512_ALDEBARAN_d7Eursion_IMG_4700-130x90.jpg","width":130,"height":90,"mime_type":"image\/jpeg","source_url":"https:\/\/timeline-germany.de\/wp-content\/uploads\/2020\/05\/20200512_ALDEBARAN_d7Eursion_IMG_4700-130x90.jpg"},"full":{"file":"20200512_ALDEBARAN_d7Eursion_IMG_4700.jpg","width":473,"height":355,"mime_type":"image\/jpeg","source_url":"https:\/\/timeline-germany.de\/wp-content\/uploads\/2020\/05\/20200512_ALDEBARAN_d7Eursion_IMG_4700.jpg"}},"image_meta":{"aperture":"0","credit":"Baden-W\u00fcrttemberg Stiftung","camera":"","caption":"Der Bodensee als digitales Mega-Klassenzimmer: Die Crew des Forschungsschiffs ALDEBARAN streamt live f\u00fcr Baden-W\u00fcrttembergs Sch\u00fclerinnen und Sch\u00fcler. Biologin Valeska Diemel (r.) setzt dabei auch eine Unterwasserdrohne ein. Weiterer Text \u00fcber ots und www.presseportal.de\/nr\/130332 \/ Die Verwendung dieses Bildes ist f\u00fcr redaktionelle Zwecke honorarfrei. Ver\u00f6ffentlichung bitte unter Quellenangabe: \"obs\/Baden-W\u00fcrttemberg Stiftung\/ALDEBARAN \/ BW Stiftung\"","created_timestamp":"0","copyright":"","focal_length":"0","iso":"0","shutter_speed":"0","title":"Virtuelle Expeditionen f\u00fcr junge Nachwuchsforscherteams","orientation":"0","keywords":["Forschung","Stiftung","Wissenschaft","Bildung","ALDEBARAN","Forschungsschiff"]}},"post":null,"source_url":"https:\/\/timeline-germany.de\/wp-content\/uploads\/2020\/05\/20200512_ALDEBARAN_d7Eursion_IMG_4700.jpg","_links":{"self":[{"href":"https:\/\/timeline-germany.de\/tr\/wp-json\/wp\/v2\/media\/9596","targetHints":{"allow":["GET"]}}],"collection":[{"href":"https:\/\/timeline-germany.de\/tr\/wp-json\/wp\/v2\/media"}],"about":[{"href":"https:\/\/timeline-germany.de\/tr\/wp-json\/wp\/v2\/types\/attachment"}],"replies":[{"embeddable":true,"href":"https:\/\/timeline-germany.de\/tr\/wp-json\/wp\/v2\/comments?post=9596"}]}}

Baden-Württemberg Stiftung

Der Bodensee als digitales Mega-Klassenzimmer: Die Crew des Forschungsschiffs ALDEBARAN streamt live für Baden-Württembergs Schülerinnen und Schüler. Biologin Valeska Diemel (r.) setzt dabei auch eine Unterwasserdrohne ein. Weiterer Text über ots und www.presseportal.de/nr/130332 / Die Verwendung dieses Bildes ist für redaktionelle Zwecke honorarfrei. Veröffentlichung bitte unter Quellenangabe: "obs/Baden-Württemberg Stiftung/ALDEBARAN / BW Stiftung"

Virtuelle Expeditionen für junge Nachwuchsforscherteams
